{"id":4830,"date":"2024-05-18T21:26:01","date_gmt":"2024-05-18T20:26:01","guid":{"rendered":"https:\/\/lass.no-ip.com\/wordpress\/?page_id=4830"},"modified":"2025-03-09T13:02:53","modified_gmt":"2025-03-09T12:02:53","slug":"linkopings-kommun","status":"publish","type":"page","link":"https:\/\/lass.no-ip.com\/wordpress\/index.php\/linkopings-kommun\/","title":{"rendered":"Link\u00f6pings kommun"},"content":{"rendered":"\n<p>Tack vare Link\u00f6pings kommun kan vi erbjuda tr\u00e4ning och t\u00e4vlingar i schack f\u00f6r kommunens barn och ungdomar.<\/p>\n\n\n\n<figure class=\"wp-block-image size-large\"><a href=\"https:\/\/www.linkoping.se\/\"><img loading=\"lazy\" decoding=\"async\" width=\"1024\" height=\"288\" src=\"https:\/\/lass.no-ip.com\/wordpress\/wp-content\/uploads\/2025\/03\/image-13-1024x288.png\" alt=\"\" class=\"wp-image-5265\" srcset=\"https:\/\/lass.no-ip.com\/wordpress\/wp-content\/uploads\/2025\/03\/image-13-1024x288.png 1024w, https:\/\/lass.no-ip.com\/wordpress\/wp-content\/uploads\/2025\/03\/image-13-300x84.png 300w, https:\/\/lass.no-ip.com\/wordpress\/wp-content\/uploads\/2025\/03\/image-13-768x216.png 768w, https:\/\/lass.no-ip.com\/wordpress\/wp-content\/uploads\/2025\/03\/image-13-1536x432.png 1536w, https:\/\/lass.no-ip.com\/wordpress\/wp-content\/uploads\/2025\/03\/image-13-2048x576.png 2048w, https:\/\/lass.no-ip.com\/wordpress\/wp-content\/uploads\/2025\/03\/image-13-400x113.png 400w\" sizes=\"auto, (max-width: 1024px) 100vw, 1024px\" \/><\/a><\/figure>\n\n\n\n<p><\/p>\n","protected":false},"excerpt":{"rendered":"<p>Tack vare Link\u00f6pings kommun kan vi erbjuda tr\u00e4ning och t\u00e4vlingar i schack f\u00f6r kommunens barn och ungdomar.<\/p>\n","protected":false},"author":1,"featured_media":0,"parent":0,"menu_order":0,"comment_status":"closed","ping_status":"closed","template":"","meta":{"wp_social_preview_title":"","wp_social_preview_description":"","wp_social_preview_image":0,"footnotes":""},"class_list":["post-4830","page","type-page","status-publish","hentry"],"_links":{"self":[{"href":"https:\/\/lass.no-ip.com\/wordpress\/index.php\/wp-json\/wp\/v2\/pages\/4830","targetHints":{"allow":["GET"]}}],"collection":[{"href":"https:\/\/lass.no-ip.com\/wordpress\/index.php\/wp-json\/wp\/v2\/pages"}],"about":[{"href":"https:\/\/lass.no-ip.com\/wordpress\/index.php\/wp-json\/wp\/v2\/types\/page"}],"author":[{"embeddable":true,"href":"https:\/\/lass.no-ip.com\/wordpress\/index.php\/wp-json\/wp\/v2\/users\/1"}],"replies":[{"embeddable":true,"href":"https:\/\/lass.no-ip.com\/wordpress\/index.php\/wp-json\/wp\/v2\/comments?post=4830"}],"version-history":[{"count":4,"href":"https:\/\/lass.no-ip.com\/wordpress\/index.php\/wp-json\/wp\/v2\/pages\/4830\/revisions"}],"predecessor-version":[{"id":5267,"href":"https:\/\/lass.no-ip.com\/wordpress\/index.php\/wp-json\/wp\/v2\/pages\/4830\/revisions\/5267"}],"wp:attachment":[{"href":"https:\/\/lass.no-ip.com\/wordpress\/index.php\/wp-json\/wp\/v2\/media?parent=4830"}],"curies":[{"name":"wp","href":"https:\/\/api.w.org\/{rel}","templated":true}]}}