{"id":3671,"date":"2022-09-06T19:41:42","date_gmt":"2022-09-06T18:41:42","guid":{"rendered":"https:\/\/lass.no-ip.com\/wordpress\/?page_id=3671"},"modified":"2022-09-08T19:17:02","modified_gmt":"2022-09-08T18:17:02","slug":"priser-i-oppna-snabbschacks-km-2022","status":"publish","type":"page","link":"https:\/\/lass.no-ip.com\/wordpress\/index.php\/priser-i-oppna-snabbschacks-km-2022\/","title":{"rendered":"Priser i \u00f6ppna snabbschacks-KM 2022"},"content":{"rendered":"\n<h2 class=\"wp-block-heading\">Priser i \u00f6ppna snabbschacks-KM 2022<\/h2>\n\n\n\n<ul class=\"wp-block-list\"><li>1. 500:-<\/li><li>2. 300:-<\/li><li>3. 200:-<\/li><\/ul>\n\n\n\n<p>Minnespriser till de tre b\u00e4sta.<\/p>\n\n\n\n<p>Ratingpriser om 100:- i 6-spelargrupper. Indelningen i rankinggrupper g\u00f6rs efter rond 4.<\/p>\n\n\n\n<p>Orankade spelare t\u00e4vlar ej om de &#8221;vanliga&#8221; ratingpriserna, men det finns ett speciellt pris om 100:- till b\u00e4sta orankade spelare.<\/p>\n\n\n\n<p>Som orankad menas spelare med vare sig snabb-ELO eller vanligt ELO.<\/p>\n\n\n\n<p><\/p>\n","protected":false},"excerpt":{"rendered":"<p>Priser i \u00f6ppna snabbschacks-KM 2022 1. 500:- 2. 300:- 3. 200:- Minnespriser till de tre b\u00e4sta. Ratingpriser om 100:- i 6-spelargrupper. Indelningen i rankinggrupper g\u00f6rs efter rond 4. Orankade spelare t\u00e4vlar ej om de &#8221;vanliga&#8221; ratingpriserna, men det finns ett speciellt pris om 100:- till b\u00e4sta orankade spelare. Som orankad menas spelare med vare sig snabb-ELO eller vanligt ELO.<\/p>\n","protected":false},"author":5,"featured_media":0,"parent":0,"menu_order":0,"comment_status":"closed","ping_status":"closed","template":"","meta":{"wp_social_preview_title":"","wp_social_preview_description":"","wp_social_preview_image":0,"footnotes":""},"class_list":["post-3671","page","type-page","status-publish","hentry"],"_links":{"self":[{"href":"https:\/\/lass.no-ip.com\/wordpress\/index.php\/wp-json\/wp\/v2\/pages\/3671","targetHints":{"allow":["GET"]}}],"collection":[{"href":"https:\/\/lass.no-ip.com\/wordpress\/index.php\/wp-json\/wp\/v2\/pages"}],"about":[{"href":"https:\/\/lass.no-ip.com\/wordpress\/index.php\/wp-json\/wp\/v2\/types\/page"}],"author":[{"embeddable":true,"href":"https:\/\/lass.no-ip.com\/wordpress\/index.php\/wp-json\/wp\/v2\/users\/5"}],"replies":[{"embeddable":true,"href":"https:\/\/lass.no-ip.com\/wordpress\/index.php\/wp-json\/wp\/v2\/comments?post=3671"}],"version-history":[{"count":4,"href":"https:\/\/lass.no-ip.com\/wordpress\/index.php\/wp-json\/wp\/v2\/pages\/3671\/revisions"}],"predecessor-version":[{"id":3679,"href":"https:\/\/lass.no-ip.com\/wordpress\/index.php\/wp-json\/wp\/v2\/pages\/3671\/revisions\/3679"}],"wp:attachment":[{"href":"https:\/\/lass.no-ip.com\/wordpress\/index.php\/wp-json\/wp\/v2\/media?parent=3671"}],"curies":[{"name":"wp","href":"https:\/\/api.w.org\/{rel}","templated":true}]}}