{"id":2846,"date":"2021-01-09T19:28:16","date_gmt":"2021-01-09T18:28:16","guid":{"rendered":"https:\/\/lass.no-ip.com\/wordpress\/?page_id=2846"},"modified":"2021-01-11T21:55:23","modified_gmt":"2021-01-11T20:55:23","slug":"inbjudan-till-km-i-natblixt","status":"publish","type":"page","link":"https:\/\/lass.no-ip.com\/wordpress\/index.php\/inbjudan-till-km-i-natblixt\/","title":{"rendered":"Inbjudan till KM i n\u00e4tblixt"},"content":{"rendered":"\n<p class=\"has-text-align-center has-medium-font-size\"><strong>Link\u00f6pings Allm\u00e4nna Schacks\u00e4llskap<br>inbjuder till<br>KM i n\u00e4tblixt 2020<\/strong><\/p>\n\n\n\n<p><a href=\"https:\/\/lass.no-ip.com\/wordpress\/wp-admin\/edit.php?post_type=page\"><\/a><\/p>\n\n\n\n<p>Tisdagen den 9\/2 klockan 19.00 spelar vi KM i n\u00e4tblixt p\u00e5 Lichess. <br>(OBS! Datum \u00e4r \u00e4ndrat fr\u00e5n f\u00f6rsta versionen av inbjudan).<br><strong>Spelform<\/strong>: Sju ronder schweizer<br><strong>Bet\u00e4nketid<\/strong>: 3 minuter med 2 sekunders till\u00e4gg per drag<br><strong>Plats<\/strong>: <a href=\"https:\/\/lichess.org\">https:\/\/lichess.org<\/a><br><strong>Anm\u00e4lan<\/strong>: Direkt p\u00e5 <a href=\"https:\/\/lichess.org\/swiss\/kGDb3Rz6\">turneringssidan <\/a>p\u00e5 lichess.<br>S\u00e4rskiljning och lottning enligt Lichess&#8217; regler.<br>Ingen startavgift och inga priser. Segraren f\u00e5r titeln klubbm\u00e4stare i n\u00e4tblixt.<\/p>\n\n\n\n<p>T\u00e4vlingen \u00e4r \u00f6ppen f\u00f6r alla medlemmar i LASS. Man m\u00e5ste dessutom ha ett konto p\u00e5 Lichess och vara med i v\u00e5rt lag d\u00e4r. <\/p>\n\n\n\n<p>Att skapa ett konto \u00e4r gratis. G\u00e5 till <a href=\"https:\/\/lichess.org\/\">lichess.org<\/a>, klicka p\u00e5 &#8221;Logga in&#8221; i \u00f6vre h\u00f6gra h\u00f6rnet, v\u00e4lj &#8221;Registrera dig&#8221; och f\u00f6lj instruktionerna. Instruktioner f\u00f6r hur man skapar konto och g\u00e5r med i laget finns <a href=\"https:\/\/lass.no-ip.com\/wordpress\/index.php\/lass-lag-pa-lichess\/\">h\u00e4r<\/a> (de \u00e4r skrivna f\u00f6r deltagande i online-ligorna, men de relevanta delarna g\u00e4ller f\u00f6r KM ocks\u00e5).<\/p>\n\n\n\n<p>N\u00e5gra saker att t\u00e4nka p\u00e5: <\/p>\n\n\n\n<ul class=\"wp-block-list\"><li>Varje rond startar 30 sekunder efter det att alla partier i f\u00f6reg\u00e5ende rond \u00e4r f\u00e4rdigspelade. Det finns allts\u00e5 inga fasta rondtider.<\/li><li>Vid udda antal spelare kommer en spelare att f\u00e5 frirond. Man f\u00e5r ingen f\u00f6rvarning om detta, utan blir helt enkelt bara inte inlottad i n\u00e4sta rond.<\/li><li>Om datorn p\u00e5 grund av f\u00f6r f\u00e5 deltagare inte kan f\u00e5 ihop lottningen kan turneringen komma att avslutas efter f\u00e4rre \u00e4n sju ronder.<\/li><\/ul>\n\n\n\n<p><strong>Hj\u00e4rtligt v\u00e4lkomna!<\/strong><\/p>\n\n\n\n<p><\/p>\n","protected":false},"excerpt":{"rendered":"<p>Link\u00f6pings Allm\u00e4nna Schacks\u00e4llskapinbjuder tillKM i n\u00e4tblixt 2020 Tisdagen den 9\/2 klockan 19.00 spelar vi KM i n\u00e4tblixt p\u00e5 Lichess. (OBS! Datum \u00e4r \u00e4ndrat fr\u00e5n f\u00f6rsta versionen av inbjudan).Spelform: Sju ronder schweizerBet\u00e4nketid: 3 minuter med 2 sekunders till\u00e4gg per dragPlats: https:\/\/lichess.orgAnm\u00e4lan: Direkt p\u00e5 turneringssidan p\u00e5 lichess.S\u00e4rskiljning och lottning enligt Lichess&#8217; regler.Ingen startavgift och inga priser. Segraren f\u00e5r titeln klubbm\u00e4stare i n\u00e4tblixt. T\u00e4vlingen \u00e4r \u00f6ppen f\u00f6r alla medlemmar i LASS. Man m\u00e5ste dessutom ha ett konto p\u00e5 Lichess och vara med i v\u00e5rt lag d\u00e4r. Att skapa ett konto \u00e4r gratis. G\u00e5 till lichess.org, klicka p\u00e5 &#8221;Logga in&#8221; i \u00f6vre h\u00f6gra h\u00f6rnet, v\u00e4lj &#8221;Registrera dig&#8221; och f\u00f6lj instruktionerna. Instruktioner f\u00f6r hur man skapar konto och g\u00e5r med i laget finns h\u00e4r (de \u00e4r skrivna f\u00f6r deltagande i online-ligorna, men de relevanta delarna g\u00e4ller f\u00f6r KM ocks\u00e5). N\u00e5gra saker att t\u00e4nka p\u00e5: Varje rond startar 30 sekunder efter det att alla partier i f\u00f6reg\u00e5ende rond \u00e4r f\u00e4rdigspelade. Det finns allts\u00e5 inga fasta rondtider. Vid udda antal spelare kommer en spelare att f\u00e5 frirond. Man f\u00e5r ingen f\u00f6rvarning om detta, utan blir helt enkelt bara inte inlottad i n\u00e4sta rond. Om datorn p\u00e5 grund av f\u00f6r f\u00e5 deltagare inte kan f\u00e5 ihop lottningen kan turneringen komma att avslutas efter f\u00e4rre \u00e4n sju ronder. Hj\u00e4rtligt v\u00e4lkomna!<\/p>\n","protected":false},"author":5,"featured_media":0,"parent":0,"menu_order":0,"comment_status":"closed","ping_status":"closed","template":"","meta":{"wp_social_preview_title":"","wp_social_preview_description":"","wp_social_preview_image":0,"footnotes":""},"class_list":["post-2846","page","type-page","status-publish","hentry"],"_links":{"self":[{"href":"https:\/\/lass.no-ip.com\/wordpress\/index.php\/wp-json\/wp\/v2\/pages\/2846","targetHints":{"allow":["GET"]}}],"collection":[{"href":"https:\/\/lass.no-ip.com\/wordpress\/index.php\/wp-json\/wp\/v2\/pages"}],"about":[{"href":"https:\/\/lass.no-ip.com\/wordpress\/index.php\/wp-json\/wp\/v2\/types\/page"}],"author":[{"embeddable":true,"href":"https:\/\/lass.no-ip.com\/wordpress\/index.php\/wp-json\/wp\/v2\/users\/5"}],"replies":[{"embeddable":true,"href":"https:\/\/lass.no-ip.com\/wordpress\/index.php\/wp-json\/wp\/v2\/comments?post=2846"}],"version-history":[{"count":11,"href":"https:\/\/lass.no-ip.com\/wordpress\/index.php\/wp-json\/wp\/v2\/pages\/2846\/revisions"}],"predecessor-version":[{"id":2870,"href":"https:\/\/lass.no-ip.com\/wordpress\/index.php\/wp-json\/wp\/v2\/pages\/2846\/revisions\/2870"}],"wp:attachment":[{"href":"https:\/\/lass.no-ip.com\/wordpress\/index.php\/wp-json\/wp\/v2\/media?parent=2846"}],"curies":[{"name":"wp","href":"https:\/\/api.w.org\/{rel}","templated":true}]}}