{"id":2828,"date":"2020-12-27T11:10:50","date_gmt":"2020-12-27T10:10:50","guid":{"rendered":"https:\/\/lass.no-ip.com\/wordpress\/?page_id=2828"},"modified":"2020-12-27T11:10:50","modified_gmt":"2020-12-27T10:10:50","slug":"fragesporten-julavslutning-2020","status":"publish","type":"page","link":"https:\/\/lass.no-ip.com\/wordpress\/index.php\/fragesporten-julavslutning-2020\/","title":{"rendered":"Fr\u00e5gesporten julavslutning 2020"},"content":{"rendered":"\n<ol class=\"wp-block-list\"><li>Covid, covid, covid. I vanliga fall anm\u00e4ler sig ca 70 klasser till \u00d6sterg\u00f6tlands schackfyran. Hur m\u00e5nga har anm\u00e4lt sig i \u00e5r?<\/li><\/ol>\n\n\n\n<figure class=\"wp-block-image\"><img decoding=\"async\" src=\"https:\/\/lh4.googleusercontent.com\/DJfuaK3HkIvVwPlDq-QUNT6XxLFUgjIFGK9DpyYmRmBns0z2lrsFmjTfFAIJ_NLlkoFxPbwXNkEOl_8O07iUOiveo22LmDUi3JxPVRO2TQg90rUbO6EbkkUDEXAHNnECwKfhCBQy_r_LrYyH\" alt=\"\"\/><figcaption>21, 29 eller 32. R\u00e4tt svar 21.<\/figcaption><\/figure>\n\n\n\n<p>2. Veteran-VM f\u00f6r lag hade LASSaren Ingvar Carlsson med i ett av sveriges fyra lag. Det spelades n\u00e4r corona b\u00f6rjade explodera i mars. T\u00e4vlingen avbr\u00f6ts i f\u00f6rtid, hur m\u00e5nga ronder hann de spela av t\u00e4nkta nio?<\/p>\n\n\n\n<figure class=\"wp-block-image\"><img decoding=\"async\" src=\"https:\/\/lh4.googleusercontent.com\/TL9pS-WJRlX6UQkrsspVZ-248VACY0LV-LfvBEplkKJDayiRADxexVv16Ks5f_Ao5MWmUag1TR0JmYisdqm3JeGhdPaRqjbk5B91yQGpp4psoDNtYtSx9FSx5r-ISlRCniahSxc49xoImkxx\" alt=\"\"\/><figcaption>3, 5 eller 7 ronder. R\u00e4tt svar 7 ronder.<\/figcaption><\/figure>\n\n\n\n<p>3. LASS har sista \u00e5ren f\u00e5tt in flera nya medlemmar. En av dessa \u00e4r Simon Malm. Men var \u00e4r han ifr\u00e5n egentligen?<\/p>\n\n\n\n<figure class=\"wp-block-image\"><img decoding=\"async\" src=\"https:\/\/lh3.googleusercontent.com\/6qqC5NarcHXuEPsIRhIA4oKy22It-G1wTpmw5AxQQ0vnMw7OpXpvLTWKeDV-vEebhjTaPKWgo8vCi5AS9k9D4om9BykHQx4dsfDihq1zn3zymJS-XH46zqc-DM67-mYpT5UaRnD8twezwmzK\" alt=\"\"\/><figcaption>Askersund, Ume\u00e5 eller Finsp\u00e5ng. R\u00e4tt svar Askersund<\/figcaption><\/figure>\n\n\n\n<p>4. En tradition de senaste \u00e5ren i LASS har varit att ha biljard- och minigolf-klubm\u00e4sterskap. I \u00e5r blev det bara minigolf en fin sommardag med nio deltagare. Men vem vann?<\/p>\n\n\n\n<figure class=\"wp-block-image\"><img decoding=\"async\" src=\"https:\/\/lh3.googleusercontent.com\/GlZRkraCNrKYhstRr20Qv0wRF0krm1qh_Y-254iLPHK7SbrkEQydBpdp9QloJrJJSlzKFjIp-hsASCCiF3m6UfmplSQ4UWMaLYIwfgz5XNO1XYDcNiHR0wh4mUPG0zJciP3DfkXI1Kz8JNuC\" alt=\"\"\/><figcaption>Max Wahlund, Anna Krantz eller M\u00e5rten Garner. R\u00e4tt svar: M\u00e5rten Garner.<\/figcaption><\/figure>\n\n\n\n<p>5. LASS har f\u00e5tt n\u00e5gra nya medlemmar fr\u00e5n Gusums SK. En \u00e4r tandl\u00e4kare. Men vem \u00e4r det?<\/p>\n\n\n\n<figure class=\"wp-block-image\"><img decoding=\"async\" src=\"https:\/\/lh5.googleusercontent.com\/TWBd0V2EWsW_WoRljcNlhEWFV5weDA7tM4qpydfEhc_BKaFEtINnNizUYp5mniUaMo3GuoyOu3nPZLKtdGNRf8Z7BI-yY47TGjmUEtlKQ6FguOaA571gJh5_kaRz-FNDDUQeDVpW2Rbed1Ii\" alt=\"\"\/><figcaption>Lars J\u00f6nsson, Weine \u00c5ngstr\u00f6m eller Fredrik Qwarfort. R\u00e4tt svar: Lars J\u00f6nsson<\/figcaption><\/figure>\n\n\n\n<p>6. Allsvenskan \u00e4r en grundpelare i LASS verksamhet och vi har m\u00e5nga spelare som har spelat mer \u00e4n 100 ronder. Med tanke p\u00e5 att en normal s\u00e4song \u00e4r sju ronder \u00e4r det imponerande antal s\u00f6ndagar i schackets tecken. Men hur m\u00e5nga har spelat fler \u00e4n 100 lagmatcher?<\/p>\n\n\n\n<figure class=\"wp-block-image\"><img decoding=\"async\" src=\"https:\/\/lh5.googleusercontent.com\/JcD_lKA-6Bos7TEa3W05ePOEUQhryGpeuBDzCpGF3TF16i1n85QBCz_wpYMZKy1kMLho8xPxIp_Put5pR2nabVzRgSR06zPia2S_bRWnMLWYxAV6Ft50Y1Ri3FI7NMuP4NXc6xEDPuiRv0MZ\" alt=\"\"\/><figcaption>29, 42 eller 55. R\u00e4tt svar: 29.<\/figcaption><\/figure>\n\n\n\n<p>7. I februari i \u00e5r spelare B\u00f6rje Pettersson, Peter Halvarsson, M\u00e5rten Garner, Fredrik Qwarfort, Thomas Lager, Ofelia Th\u00f6rnqvist, Magnus Olsson och Erik Broom\u00e9 Elite Hotels Open i V\u00e4xj\u00f6. Men vem kom b\u00e4st av dem?<\/p>\n\n\n\n<figure class=\"wp-block-image\"><img decoding=\"async\" src=\"https:\/\/lh6.googleusercontent.com\/sPn9vMHMSjRBFF_8HeQAlZ_85dQA0WyKeN-rXN3jlYrdsbMP-X7iBRqIVvRgJVBRWgrk_zrNQofvGG3ToYOs-eBTMavQfucN_crjWfPUm8ZuKDzo68-YBs6o6i8VGNo1Mzlp4TQy9hEwYcMo\" alt=\"\"\/><figcaption>Fredrik Qwarfort, Thomas Lager eller Erik Broom\u00e9. R\u00e4tt svar: Fredrik Qwarfort<\/figcaption><\/figure>\n\n\n\n<p>8. Av de LASSare som spelat f\u00f6r LASS i allsvenskan genom \u00e5ren, vem hade h\u00f6gst ranking n\u00e4r de spelade f\u00f6r oss?<\/p>\n\n\n\n<figure class=\"wp-block-image\"><img decoding=\"async\" src=\"https:\/\/lh3.googleusercontent.com\/aXTTdnS9pc3ViEL0sat71iZWpCxLI69d5Dz-leHHtFXpxFsih591Jq2R6xo9aDub6VmLjVtrgtjYaKyZKz6sQYjtnjipclxEKvFuX8roCji-DH6U0iBnuU7k4_d2JYqHGBdqI1xbXTdGzkhE\" alt=\"\"\/><figcaption>Pontus Carlsson, Pia Cramling eller Davor Palo. R\u00e4tt svar: Pia Cramling<\/figcaption><\/figure>\n\n\n\n<p>9. Den g\u00e5ngna s\u00e4songen spelade LASS bortamatch i denna lokal. Vilken klubb har haft den i m\u00e5nga, m\u00e5nga \u00e5r?<\/p>\n\n\n\n<figure class=\"wp-block-image\"><img decoding=\"async\" src=\"https:\/\/lh3.googleusercontent.com\/BITY8wdBsZz3w_GHgV5rHnIWngcQItIoW10_MeNKKJkrr88Us_EpYwJA9QABxgbFI-9j9mYXZFbifu2nNS7MFHGjgOJiGuDOok6xzA54rqmrCTEaeYGtrVCa5e1guxfk2Qid1ROdejW1e_w8\" alt=\"\"\/><figcaption>Eskilstuna SK, Sk\u00e4rblacka SK eller Horndals SK. R\u00e4tt svar: Sk\u00e4rblacka SK<\/figcaption><\/figure>\n\n\n\n<p>10. Julavslutningar p\u00e5 klubben tenderar ibland att bli nattsudd. Ibland med kortspel, upptr\u00e4dande, schack och diskussioner \u00e4nda till morgonen efter julavslutningen. Vad \u00e4r rekordet att n\u00e5gon varit kvar p\u00e5 klubben i samband med julavslutning p\u00e5 fredagkv\u00e4llen?<\/p>\n\n\n\n<figure class=\"wp-block-image\"><img decoding=\"async\" src=\"https:\/\/lh4.googleusercontent.com\/nkxOUbtDIokzYOv_YJtcKY5JUKXj0_qj3MLo9ptvmNh7Nb0nV79FA372StE3TibW9QT1EbhWmtvPLK5tTLbwOrDp199bZO2QQdU3VV3vKfJ_5rr27PCE6cbRRpZPWiBLSb8PGdmCcyuvv-EE\" alt=\"\"\/><figcaption>L\u00f6rdag klockan 13, L\u00f6rdag klockan 19 eller s\u00f6ndag klockan 11. R\u00e4tt svar: S\u00f6ndag<\/figcaption><\/figure>\n\n\n\n<p>11. I elitseriesammandraget p\u00e5 Frimurarhotellet i Link\u00f6ping 2006 var LASS i sista ronden tvungna att sl\u00e5 SS Lule\u00e5 i sista ronden f\u00f6r att h\u00e4nga kvar. Vad var en starkt bidragande orsak till att LASS h\u00e4ngde kvar?<\/p>\n\n\n\n<figure class=\"wp-block-image\"><img decoding=\"async\" src=\"https:\/\/lh3.googleusercontent.com\/aqCjRBCC2IBLkTabAQlZp-xNlx-33tU2DpHk9DPdaZf7v1Mxi81he1Zy8jVSuP13SlkpsS45EQqD8OInCfpqr05YEkfqvKVuHqJvXKXNx88IuTimqJXIOsfz9mGUQGp3F_QtSgPGGvLsJNyU\" alt=\"\"\/><figcaption>Flera Lule\u00e5-spelare blev meddragna p\u00e5 en krogrunda till n\u00e5gra timmar innan rondstart, eller Brandlarmet gick av en h\u00e4ndelse p\u00e5 Lule\u00e5spelarnas hotell som gjorde att dom inte fick sova eller  LASSarna samlades p\u00e5 kv\u00e4llen och preppade med LASS GM Pontus Carlsson ut motst\u00e5ndarna. R\u00e4tt svar: Krogrunda<\/figcaption><\/figure>\n\n\n\n<p>12. S\u00e5 h\u00e4r glada kan man vara under ett SM. Det \u00e4r 2018 i Ronneby. Ett parti i Peters grupp fick spelas om efter en uppl\u00e4xning fr\u00e5n huvuddomaren Tapio Tikkanen efter att spelarna var klara och hade signerat protokollen. Varf\u00f6r?<\/p>\n\n\n\n<figure class=\"wp-block-image\"><img decoding=\"async\" src=\"https:\/\/lh3.googleusercontent.com\/TcYNXHcOtAImmEFdIzetQfE14p56QqKtEwVYKVsaELHr5hUgdhi9T7NP87YEqxzkZwyyHNjM7C5v2nm9GquGAzJVnUzBVMjHt_Q61aADKPGOLUvpjHNhQCFKg1DF-KE-aiViixkn_n9pwulB\" alt=\"\"\/><figcaption>Pj\u00e4serna stod fel fr\u00e5n b\u00f6rjan, Bara vit hade gjort ett drag och dom hade sedan tagit remi eller Dom hade spelat ett uppgjort parti. R\u00e4tt svar: Bara vit hade gjort ett drag.<\/figcaption><\/figure>\n\n\n\n<p>13. I SSFs online-blixt-liga p\u00e5 lichess har en spelare varit \u00f6verl\u00e4gsen i LASS n\u00e4r han spelat\u2026 Vem?<\/p>\n\n\n\n<figure class=\"wp-block-image\"><img decoding=\"async\" src=\"https:\/\/lh5.googleusercontent.com\/3kzumNfVar8YX7N46deM0UkIE-qfgByF_p5PVT1wYhzhdq94ZSDGgwAf1rCpPSkihtn9RFmscHFMqzd7yzPef9O_Uonl_3CWdTSyOx8pyfuUv8vXKzEKMfUHeLmLNriHRyaDwZpXeZp_HK5C\" alt=\"\"\/><figcaption>Max Wahlund, Peter Halvarsson eller Daniel Wettervik. R\u00e4tt svar: Daniel Wettervik.<\/figcaption><\/figure>\n\n\n\n<p>14. LASSmeddelande var LASS klubbtidning under m\u00e5nga \u00e5r. Vem ber\u00e4ttar om n\u00e4r Kasparov nickade igenk\u00e4nnande p\u00e5 skribenten i ett reportage i klubbtidningen?<\/p>\n\n\n\n<figure class=\"wp-block-image\"><img decoding=\"async\" src=\"https:\/\/lh6.googleusercontent.com\/HIMoiG4uxlrL5TcOHOsvS3CFsqC6mZ51kunRPrAq0g3PjWvSbhoKPoFj6LlmNa29EdcjEGG_4HI_UFQOrRYfgTrfQyft1I-HNPU82WiFSWcib2TSTfCD_qS_F5M61S_o5Kn91rehlHe3O_ol\" alt=\"\"\/><figcaption>Per Vernersson, Viktoria Johansson eller Ofelia Th\u00f6rnqvist. R\u00e4tt svar: Viktoria Johansson<\/figcaption><\/figure>\n\n\n\n<p>\u00a0Utslagsfr\u00e5ga, hur m\u00e5nga km har Peter elsparkcykel g\u00e5tt? Ink\u00f6pt april 2019.<\/p>\n\n\n\n<figure class=\"wp-block-image\"><img decoding=\"async\" src=\"https:\/\/lh4.googleusercontent.com\/qZklLAoT5WAo3XoieMANIWh1FX5wZpEL5wvFI84Xl0Mink8KZlNteKXoeZYcHlWF4H4fFT-YRAYaBKCjQJcddoot7IHdOW6Lp--fNrI73YV_GRAbAyLGZ1LteJI2dy2mB0BzUVO2IcxPxEdN\" alt=\"\"\/><figcaption>4244 km.<\/figcaption><\/figure>\n","protected":false},"excerpt":{"rendered":"<p>Covid, covid, covid. I vanliga fall anm\u00e4ler sig ca 70 klasser till \u00d6sterg\u00f6tlands schackfyran. Hur m\u00e5nga har anm\u00e4lt sig i \u00e5r? 2. Veteran-VM f\u00f6r lag hade LASSaren Ingvar Carlsson med i ett av sveriges fyra lag. Det spelades n\u00e4r corona b\u00f6rjade explodera i mars. T\u00e4vlingen avbr\u00f6ts i f\u00f6rtid, hur m\u00e5nga ronder hann de spela av t\u00e4nkta nio? 3. LASS har sista \u00e5ren f\u00e5tt in flera nya medlemmar. En av dessa \u00e4r Simon Malm. Men var \u00e4r han ifr\u00e5n egentligen? 4. En tradition de senaste \u00e5ren i LASS har varit att ha biljard- och minigolf-klubm\u00e4sterskap. I \u00e5r blev det bara minigolf en fin sommardag med nio deltagare. Men vem vann? 5. LASS har f\u00e5tt n\u00e5gra nya medlemmar fr\u00e5n Gusums SK. En \u00e4r tandl\u00e4kare. Men vem \u00e4r det? 6. Allsvenskan \u00e4r en grundpelare i LASS verksamhet och vi har m\u00e5nga spelare som har spelat mer \u00e4n 100 ronder. Med tanke p\u00e5 att en normal s\u00e4song \u00e4r sju ronder \u00e4r det imponerande antal s\u00f6ndagar i schackets tecken. Men hur m\u00e5nga har spelat fler \u00e4n 100 lagmatcher? 7. I februari i \u00e5r spelare B\u00f6rje Pettersson, Peter Halvarsson, M\u00e5rten Garner, Fredrik Qwarfort, Thomas Lager, Ofelia Th\u00f6rnqvist, Magnus Olsson och Erik Broom\u00e9 Elite Hotels Open i V\u00e4xj\u00f6. Men vem kom b\u00e4st av dem? 8. Av de LASSare som spelat f\u00f6r LASS i allsvenskan genom \u00e5ren, vem hade h\u00f6gst ranking n\u00e4r de spelade f\u00f6r oss? 9. Den g\u00e5ngna s\u00e4songen spelade LASS bortamatch i denna lokal. Vilken klubb har haft den i m\u00e5nga, m\u00e5nga \u00e5r? 10. Julavslutningar p\u00e5 klubben tenderar ibland att bli nattsudd. Ibland med kortspel, upptr\u00e4dande, schack och diskussioner \u00e4nda till morgonen efter julavslutningen. Vad \u00e4r rekordet att n\u00e5gon varit kvar p\u00e5 klubben i samband med julavslutning p\u00e5 fredagkv\u00e4llen? 11. I elitseriesammandraget p\u00e5 Frimurarhotellet i Link\u00f6ping 2006 var LASS i sista ronden tvungna att sl\u00e5 SS Lule\u00e5 i sista ronden f\u00f6r att h\u00e4nga kvar. Vad var en starkt bidragande orsak till att LASS h\u00e4ngde kvar? 12. S\u00e5 h\u00e4r glada kan man vara under ett SM. Det \u00e4r 2018 i Ronneby. Ett parti i Peters grupp fick spelas om efter en uppl\u00e4xning fr\u00e5n huvuddomaren Tapio Tikkanen efter att spelarna var klara och hade signerat protokollen. Varf\u00f6r? 13. I SSFs online-blixt-liga p\u00e5 lichess har en spelare varit \u00f6verl\u00e4gsen i LASS n\u00e4r han spelat\u2026 Vem? 14. LASSmeddelande var LASS klubbtidning under m\u00e5nga \u00e5r. Vem ber\u00e4ttar om n\u00e4r Kasparov nickade igenk\u00e4nnande p\u00e5 skribenten i ett reportage i klubbtidningen? \u00a0Utslagsfr\u00e5ga, hur m\u00e5nga km har Peter elsparkcykel g\u00e5tt? Ink\u00f6pt april 2019.<\/p>\n","protected":false},"author":1,"featured_media":0,"parent":0,"menu_order":0,"comment_status":"closed","ping_status":"closed","template":"","meta":{"wp_social_preview_title":"","wp_social_preview_description":"","wp_social_preview_image":0,"footnotes":""},"class_list":["post-2828","page","type-page","status-publish","hentry"],"_links":{"self":[{"href":"https:\/\/lass.no-ip.com\/wordpress\/index.php\/wp-json\/wp\/v2\/pages\/2828","targetHints":{"allow":["GET"]}}],"collection":[{"href":"https:\/\/lass.no-ip.com\/wordpress\/index.php\/wp-json\/wp\/v2\/pages"}],"about":[{"href":"https:\/\/lass.no-ip.com\/wordpress\/index.php\/wp-json\/wp\/v2\/types\/page"}],"author":[{"embeddable":true,"href":"https:\/\/lass.no-ip.com\/wordpress\/index.php\/wp-json\/wp\/v2\/users\/1"}],"replies":[{"embeddable":true,"href":"https:\/\/lass.no-ip.com\/wordpress\/index.php\/wp-json\/wp\/v2\/comments?post=2828"}],"version-history":[{"count":1,"href":"https:\/\/lass.no-ip.com\/wordpress\/index.php\/wp-json\/wp\/v2\/pages\/2828\/revisions"}],"predecessor-version":[{"id":2829,"href":"https:\/\/lass.no-ip.com\/wordpress\/index.php\/wp-json\/wp\/v2\/pages\/2828\/revisions\/2829"}],"wp:attachment":[{"href":"https:\/\/lass.no-ip.com\/wordpress\/index.php\/wp-json\/wp\/v2\/media?parent=2828"}],"curies":[{"name":"wp","href":"https:\/\/api.w.org\/{rel}","templated":true}]}}