{"id":2519,"date":"2020-06-11T09:48:01","date_gmt":"2020-06-11T08:48:01","guid":{"rendered":"http:\/\/lass.no-ip.com\/wordpress\/?page_id=2519"},"modified":"2020-07-27T15:00:23","modified_gmt":"2020-07-27T14:00:23","slug":"tisdagsblixten-2020","status":"publish","type":"page","link":"https:\/\/lass.no-ip.com\/wordpress\/index.php\/tisdagsblixten-2020\/","title":{"rendered":"Tisdagsblixten 2020"},"content":{"rendered":"\n<p>Under v\u00e5ren 2020 spelas en n\u00e4tblixtturnering f\u00f6r LASS-medlemmar varje tisdagskv\u00e4ll p\u00e5 lichess.org. <\/p>\n\n\n\n<p>De f\u00f6rsta tio omg\u00e5ngarna spelades som en arenaturnering, dvs man spelar s\u00e5 m\u00e5nga partier man hinner under 90 minuter, och s\u00e5 fort ett parti \u00e4r f\u00e4rdigspelat lottas deltagarna mot n\u00e5gra andra lediga deltagare. Bet\u00e4nketiden var 3 minuter + 2 s \/ drag.<\/p>\n\n\n\n<p>Den 16\/6 \u00f6vergick vi till att spela nio ronder schweizer med samma bet\u00e4nketid.<\/p>\n\n\n\n<p>Resultat fr\u00e5n de f\u00f6rsta tio omg\u00e5ngarna:<\/p>\n\n\n\n<p><a href=\"https:\/\/lichess.org\/tournament\/F78T6DJu\">7\/4: Tisdagsblixten I<\/a><br><a href=\"https:\/\/lichess.org\/tournament\/95Um4SFH\">14\/4: Tisdagsblixten II<\/a><br><a href=\"https:\/\/lichess.org\/tournament\/vhg9QnE9\">21\/4: Tisdagsblixten III<\/a><br><a href=\"https:\/\/lichess.org\/tournament\/4V7ep8eQ\">28\/4: Tisdagsblixten IV<\/a><br><a href=\"https:\/\/lichess.org\/tournament\/9rZcf10P\">5\/5: Tisdagsblixten V<\/a><br><a href=\"https:\/\/lichess.org\/tournament\/tY5oW4vn\">12\/5: Tisdagsblixten VI<\/a><br><a href=\"https:\/\/lichess.org\/tournament\/rVJX8wVc\">19\/5: Tisdagsblixten VII<\/a><br><a href=\"https:\/\/lichess.org\/tournament\/Iw91GV1Z\">26\/5: Tisdagsblixten VIII<\/a><br><a href=\"https:\/\/lichess.org\/tournament\/JtY67f9l\">2\/6: Tisdagsblixten IX<\/a><br><a href=\"https:\/\/lichess.org\/tournament\/mS4nonex\">9\/6: Tisdagsblixten X<\/a><br><br>Resultat fr\u00e5n och med den 16\/6 (de fantasifulla namnen \u00e4r p\u00e5komna av Peter Halvarsson):<\/p>\n\n\n\n<p><a href=\"https:\/\/lichess.org\/swiss\/b9AzMstg\">16\/6: Tisdagsblixten schweizer<\/a><br><a href=\"https:\/\/lichess.org\/swiss\/CPH8EldO\">23\/6: I vemodet efter midsommar-blixt<\/a><br><a href=\"https:\/\/lichess.org\/swiss\/aokXzlq2\">30\/6: I de svalare tidernas kv\u00e4ll<\/a><br><a href=\"https:\/\/lichess.org\/swiss\/MWKGrMzX\">7\/7: Till regnets skvalande sorl<\/a><br>14\/7: Ingen turnering<br><a href=\"https:\/\/lichess.org\/swiss\/PnWbl0Tr\">21\/7: I v\u00e4ntan p\u00e5 \u00e5skan-blixten<\/a><\/p>\n\n\n\n<p><\/p>\n\n\n\n<p><\/p>\n","protected":false},"excerpt":{"rendered":"<p>Under v\u00e5ren 2020 spelas en n\u00e4tblixtturnering f\u00f6r LASS-medlemmar varje tisdagskv\u00e4ll p\u00e5 lichess.org. De f\u00f6rsta tio omg\u00e5ngarna spelades som en arenaturnering, dvs man spelar s\u00e5 m\u00e5nga partier man hinner under 90 minuter, och s\u00e5 fort ett parti \u00e4r f\u00e4rdigspelat lottas deltagarna mot n\u00e5gra andra lediga deltagare. Bet\u00e4nketiden var 3 minuter + 2 s \/ drag. Den 16\/6 \u00f6vergick vi till att spela nio ronder schweizer med samma bet\u00e4nketid. Resultat fr\u00e5n de f\u00f6rsta tio omg\u00e5ngarna: 7\/4: Tisdagsblixten I14\/4: Tisdagsblixten II21\/4: Tisdagsblixten III28\/4: Tisdagsblixten IV5\/5: Tisdagsblixten V12\/5: Tisdagsblixten VI19\/5: Tisdagsblixten VII26\/5: Tisdagsblixten VIII2\/6: Tisdagsblixten IX9\/6: Tisdagsblixten X Resultat fr\u00e5n och med den 16\/6 (de fantasifulla namnen \u00e4r p\u00e5komna av Peter Halvarsson): 16\/6: Tisdagsblixten schweizer23\/6: I vemodet efter midsommar-blixt30\/6: I de svalare tidernas kv\u00e4ll7\/7: Till regnets skvalande sorl14\/7: Ingen turnering21\/7: I v\u00e4ntan p\u00e5 \u00e5skan-blixten<\/p>\n","protected":false},"author":5,"featured_media":0,"parent":0,"menu_order":0,"comment_status":"closed","ping_status":"closed","template":"","meta":{"wp_social_preview_title":"","wp_social_preview_description":"","wp_social_preview_image":0,"footnotes":""},"class_list":["post-2519","page","type-page","status-publish","hentry"],"_links":{"self":[{"href":"https:\/\/lass.no-ip.com\/wordpress\/index.php\/wp-json\/wp\/v2\/pages\/2519","targetHints":{"allow":["GET"]}}],"collection":[{"href":"https:\/\/lass.no-ip.com\/wordpress\/index.php\/wp-json\/wp\/v2\/pages"}],"about":[{"href":"https:\/\/lass.no-ip.com\/wordpress\/index.php\/wp-json\/wp\/v2\/types\/page"}],"author":[{"embeddable":true,"href":"https:\/\/lass.no-ip.com\/wordpress\/index.php\/wp-json\/wp\/v2\/users\/5"}],"replies":[{"embeddable":true,"href":"https:\/\/lass.no-ip.com\/wordpress\/index.php\/wp-json\/wp\/v2\/comments?post=2519"}],"version-history":[{"count":6,"href":"https:\/\/lass.no-ip.com\/wordpress\/index.php\/wp-json\/wp\/v2\/pages\/2519\/revisions"}],"predecessor-version":[{"id":2553,"href":"https:\/\/lass.no-ip.com\/wordpress\/index.php\/wp-json\/wp\/v2\/pages\/2519\/revisions\/2553"}],"wp:attachment":[{"href":"https:\/\/lass.no-ip.com\/wordpress\/index.php\/wp-json\/wp\/v2\/media?parent=2519"}],"curies":[{"name":"wp","href":"https:\/\/api.w.org\/{rel}","templated":true}]}}