{"id":219,"date":"2017-12-30T13:11:30","date_gmt":"2017-12-30T12:11:30","guid":{"rendered":"http:\/\/lass.no-ip.com\/wordpress\/?page_id=219"},"modified":"2025-08-24T10:07:12","modified_gmt":"2025-08-24T09:07:12","slug":"juniorverksamhet","status":"publish","type":"page","link":"https:\/\/lass.no-ip.com\/wordpress\/index.php\/juniorverksamhet\/","title":{"rendered":"Juniorverksamhet"},"content":{"rendered":"<h4>Vi har tre delar i v\u00e5r juniorverksamhet<\/h4>\n<h5>Schackfyran<\/h5>\n<p>Vi kommer ut i fj\u00e4rdeklasser\u00a0 i skolan under h\u00f6stterminen, er klass f\u00e5r schackspel och vi l\u00e4r er spela schack. Med er l\u00e4rare f\u00f6rdjupar ni er sedan och kommer sedan att f\u00f6rsta spela i kommunfinal mot andra klasser f\u00f6r att sedan om ni g\u00e5r vidare spela distriktsfinalen.<\/p>\n<p>I distriktsfinalen \u00e4r totalt 800 barn med ungef\u00e4r 10 lag g\u00e5r h\u00e4r vidare till riksfinalen i V\u00e4ster\u00e5s d\u00e4r 2500 barn \u00e4r med. Schackfyran inneb\u00e4r m\u00e5nga saker f\u00f6r er klass: alla som \u00e4r med samlar po\u00e4ng, s\u00e5 en av de viktigaste delarna \u00e4r att skapa gemenskap i klassen och att alla i klassen ska ha kul! Sedan tr\u00e4nar barnen sig i att planera, t\u00e4nka och ta konsekvenser av sina planer. F\u00f6r mer information, se <a href=\"https:\/\/www.schack.se\/schackfyran\">Schackfyrans hemsida<\/a><\/p>\n<p>\u00c4r du l\u00e4rare och vill du anm\u00e4la din klass, skicka ett mail till schackfyran-osf@outlook.com, det finns \u00e4ven mer p\u00e5 \u00d6sterg\u00f6tlands Schackf\u00f6rbunds <a href=\"http:\/\/osf.schack.se\">hemsida<\/a>.<\/p>\n<h5>L\u00e4r dig spela schack f\u00f6r nyb\u00f6rjare<\/h5>\n<p>Nyb\u00f6rjarverksamheten \u00e4r ig\u00e5ng p\u00e5 biblioteket. Vi h\u00e5ller till uppe p\u00e5 v\u00e5ning tv\u00e5 i Link\u00f6pings stadsbibiliotek p\u00e5 V\u00e4nda Sida. Det \u00e4r uppf\u00f6r trappan till v\u00e4nster n\u00e4r man kommer in genom enr\u00e9n. Fyll i <a href=\"https:\/\/docs.google.com\/forms\/d\/e\/1FAIpQLSesET862fWo4w7OMm3MAAsvZXsvrPNrOtSGBg4StS9AQty3_w\/viewform\">formul\u00e4r<\/a> f\u00f6r att anm\u00e4la er eller g\u00e5 ner till biblioteket en m\u00e5ndag kv\u00e4ll klockan 17-18 efter 8 september.<\/p>\n<h5>Forts\u00e4ttningsgrupper p\u00e5 schackklubben<\/h5>\n<p>N\u00e4r du l\u00e4rt dig spela schack och b\u00f6rjar bli sugen p\u00e5 att l\u00e4ra dig mer och m\u00f6ta b\u00e4ttre spelare s\u00e5 \u00e4r den naturliga v\u00e4gen att forts\u00e4tta i en av v\u00e5ra ungdomsgrupper p\u00e5 schackklubben. Vi har just nu tre olika grupper p\u00e5 schackklubben beroende p\u00e5 hur l\u00e5ngt du har kommit. Vi blandar teori med en massa spel och roliga lekar kring schackbr\u00e4det.<\/p>\n<p>Fyll i <a href=\"https:\/\/docs.google.com\/forms\/d\/e\/1FAIpQLSesET862fWo4w7OMm3MAAsvZXsvrPNrOtSGBg4StS9AQty3_w\/viewform\">formul\u00e4r<\/a> f\u00f6r att anm\u00e4la er!<\/p>\n<p>Forts\u00e4ttninggrupperna i klubblokalen \u00e4r p\u00e5 m\u00e5ndagar 17-19.<\/p>\n","protected":false},"excerpt":{"rendered":"<p>Vi har tre delar i v\u00e5r juniorverksamhet Schackfyran Vi kommer ut i fj\u00e4rdeklasser\u00a0 i skolan under h\u00f6stterminen, er klass f\u00e5r schackspel och vi l\u00e4r er spela schack. Med er l\u00e4rare f\u00f6rdjupar ni er sedan och kommer sedan att f\u00f6rsta spela i kommunfinal mot andra klasser f\u00f6r att sedan om ni g\u00e5r vidare spela distriktsfinalen. I distriktsfinalen \u00e4r totalt 800 barn med ungef\u00e4r 10 lag g\u00e5r h\u00e4r vidare till riksfinalen i V\u00e4ster\u00e5s d\u00e4r 2500 barn \u00e4r med. Schackfyran inneb\u00e4r m\u00e5nga saker f\u00f6r er klass: alla som \u00e4r med samlar po\u00e4ng, s\u00e5 en av de viktigaste delarna \u00e4r att skapa gemenskap i klassen och att alla i klassen ska ha kul! Sedan tr\u00e4nar barnen sig i att planera, t\u00e4nka och ta konsekvenser av sina planer. F\u00f6r mer information, se Schackfyrans hemsida \u00c4r du l\u00e4rare och vill du anm\u00e4la din klass, skicka ett mail till schackfyran-osf@outlook.com, det finns \u00e4ven mer p\u00e5 \u00d6sterg\u00f6tlands Schackf\u00f6rbunds hemsida. L\u00e4r dig spela schack f\u00f6r nyb\u00f6rjare Nyb\u00f6rjarverksamheten \u00e4r ig\u00e5ng p\u00e5 biblioteket. Vi h\u00e5ller till uppe p\u00e5 v\u00e5ning tv\u00e5 i Link\u00f6pings stadsbibiliotek p\u00e5 V\u00e4nda Sida. Det \u00e4r uppf\u00f6r trappan till v\u00e4nster n\u00e4r man kommer in genom enr\u00e9n. Fyll i formul\u00e4r f\u00f6r att anm\u00e4la er eller g\u00e5 ner till biblioteket en m\u00e5ndag kv\u00e4ll klockan 17-18 efter 8 september. Forts\u00e4ttningsgrupper p\u00e5 schackklubben N\u00e4r du l\u00e4rt dig spela schack och b\u00f6rjar bli sugen p\u00e5 att l\u00e4ra dig mer och m\u00f6ta b\u00e4ttre spelare s\u00e5 \u00e4r den naturliga v\u00e4gen att forts\u00e4tta i en av v\u00e5ra ungdomsgrupper p\u00e5 schackklubben. Vi har just nu tre olika grupper p\u00e5 schackklubben beroende p\u00e5 hur l\u00e5ngt du har kommit. Vi blandar teori med en massa spel och roliga lekar kring schackbr\u00e4det. Fyll i formul\u00e4r f\u00f6r att anm\u00e4la er! Forts\u00e4ttninggrupperna i klubblokalen \u00e4r p\u00e5 m\u00e5ndagar 17-19.<\/p>\n","protected":false},"author":1,"featured_media":0,"parent":0,"menu_order":0,"comment_status":"closed","ping_status":"closed","template":"","meta":{"wp_social_preview_title":"","wp_social_preview_description":"","wp_social_preview_image":0,"footnotes":""},"class_list":["post-219","page","type-page","status-publish","hentry"],"_links":{"self":[{"href":"https:\/\/lass.no-ip.com\/wordpress\/index.php\/wp-json\/wp\/v2\/pages\/219","targetHints":{"allow":["GET"]}}],"collection":[{"href":"https:\/\/lass.no-ip.com\/wordpress\/index.php\/wp-json\/wp\/v2\/pages"}],"about":[{"href":"https:\/\/lass.no-ip.com\/wordpress\/index.php\/wp-json\/wp\/v2\/types\/page"}],"author":[{"embeddable":true,"href":"https:\/\/lass.no-ip.com\/wordpress\/index.php\/wp-json\/wp\/v2\/users\/1"}],"replies":[{"embeddable":true,"href":"https:\/\/lass.no-ip.com\/wordpress\/index.php\/wp-json\/wp\/v2\/comments?post=219"}],"version-history":[{"count":21,"href":"https:\/\/lass.no-ip.com\/wordpress\/index.php\/wp-json\/wp\/v2\/pages\/219\/revisions"}],"predecessor-version":[{"id":5603,"href":"https:\/\/lass.no-ip.com\/wordpress\/index.php\/wp-json\/wp\/v2\/pages\/219\/revisions\/5603"}],"wp:attachment":[{"href":"https:\/\/lass.no-ip.com\/wordpress\/index.php\/wp-json\/wp\/v2\/media?parent=219"}],"curies":[{"name":"wp","href":"https:\/\/api.w.org\/{rel}","templated":true}]}}