{"id":2161,"date":"2019-12-12T17:44:43","date_gmt":"2019-12-12T16:44:43","guid":{"rendered":"http:\/\/lass.no-ip.com\/wordpress\/?page_id=2161"},"modified":"2020-04-07T20:38:16","modified_gmt":"2020-04-07T19:38:16","slug":"lm-2020","status":"publish","type":"page","link":"https:\/\/lass.no-ip.com\/wordpress\/index.php\/lm-2020\/","title":{"rendered":"LM 2020"},"content":{"rendered":"\n<h2 class=\"wp-block-heading\">V\u00e4lkommen till LM 2020!<\/h2>\n\n\n\n<p>Link\u00f6pingsm\u00e4sterskapet 2020 spelas p\u00e5 tisdagskv\u00e4llar den 14\/1 &#8211; 7\/4 i LASS klubblokal.<\/p>\n\n\n\n<p>OBS! Rond 8 och 9 har st\u00e4llts in pga coronaviruset. Mer information finns <a href=\"https:\/\/lass.no-ip.com\/wordpress\/index.php\/2020\/03\/15\/rond-8-och-9-i-lm-stalls-in-pa-grund-av-coronavirus\/\">h\u00e4r<\/a>.<\/p>\n\n\n\n<p>Fler detaljer finns i <a href=\"https:\/\/lass.no-ip.com\/Inbjudan\/2020\/inbjudan_LM_2020.pdf\">inbjudan<\/a>.<\/p>\n\n\n\n<p><a href=\"https:\/\/lass.no-ip.com\/wordpress\/index.php\/livesandning\/\">Lives\u00e4ndning<\/a> fr\u00e5n \u00e5tta bord (inte n\u00f6dv\u00e4ndigtvis de h\u00f6gsta).<\/p>\n\n\n\n<p>S\u00e5 h\u00e4r hanterar vi <a href=\"https:\/\/lass.no-ip.com\/wordpress\/index.php\/livesandning-av-hangronder\/\">lives\u00e4ndning vid h\u00e4ngronder<\/a>.<\/p>\n\n\n\n<p><a href=\"https:\/\/member.schack.se\/ShowTournamentServlet?id=7999\">Lottning och resultat<\/a>.<\/p>\n\n\n\n<h2 class=\"wp-block-heading\">Nyheter<\/h2>\n\n\n\n<ul class=\"wp-block-list\"><li>14\/1: Nu \u00e4r rond 1 i full g\u00e5ng! Totalt blev det 38 startande.<\/li><li>15\/1: Det blir fyra ratinggrupper. Se l\u00e4nkarna l\u00e4ngst ner p\u00e5 resultatsidan.<\/li><li>22\/1: Rond 3 lottas efter h\u00e4ngronden den 28\/1.<\/li><li>15\/3: <strong>Rond 8 och 9 \u00e4r inst\u00e4llda p\u00e5 grund av corona-epidemin. Mer information finns <a href=\"https:\/\/lass.no-ip.com\/wordpress\/index.php\/2020\/03\/15\/rond-8-och-9-i-lm-stalls-in-pa-grund-av-coronavirus\/\">h\u00e4r<\/a>.<\/strong><\/li><li>7\/4: De sista h\u00e4ngpartierna \u00e4r nu spelade och Gabriel st\u00e5r som slutsegrare. Se <a href=\"https:\/\/lass.no-ip.com\/wordpress\/index.php\/2020\/04\/07\/gabriel-vann-linkopingsmastarskapet\/\">reportage h\u00e4r<\/a>.<\/li><\/ul>\n\n\n\n<h2 class=\"wp-block-heading\">Bilder<\/h2>\n\n\n\n<figure class=\"wp-block-gallery columns-3 is-cropped wp-block-gallery-1 is-layout-flex wp-block-gallery-is-layout-flex\"><ul class=\"blocks-gallery-grid\"><li class=\"blocks-gallery-item\"><figure><img loading=\"lazy\" decoding=\"async\" width=\"1024\" height=\"768\" src=\"https:\/\/lass.no-ip.com\/wordpress\/wp-content\/uploads\/2020\/01\/IMG_2701-1024x768.jpg\" alt=\"\" data-id=\"2238\" data-link=\"https:\/\/lass.no-ip.com\/wordpress\/index.php\/lm-2020\/img_2701\/\" class=\"wp-image-2238\" srcset=\"https:\/\/lass.no-ip.com\/wordpress\/wp-content\/uploads\/2020\/01\/IMG_2701-1024x768.jpg 1024w, https:\/\/lass.no-ip.com\/wordpress\/wp-content\/uploads\/2020\/01\/IMG_2701-300x225.jpg 300w, https:\/\/lass.no-ip.com\/wordpress\/wp-content\/uploads\/2020\/01\/IMG_2701-768x576.jpg 768w, https:\/\/lass.no-ip.com\/wordpress\/wp-content\/uploads\/2020\/01\/IMG_2701-1536x1152.jpg 1536w, https:\/\/lass.no-ip.com\/wordpress\/wp-content\/uploads\/2020\/01\/IMG_2701-2048x1536.jpg 2048w, https:\/\/lass.no-ip.com\/wordpress\/wp-content\/uploads\/2020\/01\/IMG_2701-400x300.jpg 400w\" sizes=\"auto, (max-width: 1024px) 100vw, 1024px\" \/><\/figure><\/li><li class=\"blocks-gallery-item\"><figure><img loading=\"lazy\" decoding=\"async\" width=\"1024\" height=\"768\" src=\"https:\/\/lass.no-ip.com\/wordpress\/wp-content\/uploads\/2020\/01\/IMG_2702-1024x768.jpg\" alt=\"\" data-id=\"2239\" data-link=\"https:\/\/lass.no-ip.com\/wordpress\/index.php\/lm-2020\/img_2702\/\" class=\"wp-image-2239\" srcset=\"https:\/\/lass.no-ip.com\/wordpress\/wp-content\/uploads\/2020\/01\/IMG_2702-1024x768.jpg 1024w, https:\/\/lass.no-ip.com\/wordpress\/wp-content\/uploads\/2020\/01\/IMG_2702-300x225.jpg 300w, https:\/\/lass.no-ip.com\/wordpress\/wp-content\/uploads\/2020\/01\/IMG_2702-768x576.jpg 768w, https:\/\/lass.no-ip.com\/wordpress\/wp-content\/uploads\/2020\/01\/IMG_2702-1536x1152.jpg 1536w, https:\/\/lass.no-ip.com\/wordpress\/wp-content\/uploads\/2020\/01\/IMG_2702-2048x1536.jpg 2048w, https:\/\/lass.no-ip.com\/wordpress\/wp-content\/uploads\/2020\/01\/IMG_2702-400x300.jpg 400w\" sizes=\"auto, (max-width: 1024px) 100vw, 1024px\" \/><\/figure><\/li><li class=\"blocks-gallery-item\"><figure><img loading=\"lazy\" decoding=\"async\" width=\"1024\" height=\"768\" src=\"https:\/\/lass.no-ip.com\/wordpress\/wp-content\/uploads\/2020\/01\/IMG_2703-1024x768.jpg\" alt=\"\" data-id=\"2240\" data-link=\"https:\/\/lass.no-ip.com\/wordpress\/index.php\/lm-2020\/img_2703\/\" class=\"wp-image-2240\" srcset=\"https:\/\/lass.no-ip.com\/wordpress\/wp-content\/uploads\/2020\/01\/IMG_2703-1024x768.jpg 1024w, https:\/\/lass.no-ip.com\/wordpress\/wp-content\/uploads\/2020\/01\/IMG_2703-300x225.jpg 300w, https:\/\/lass.no-ip.com\/wordpress\/wp-content\/uploads\/2020\/01\/IMG_2703-768x576.jpg 768w, https:\/\/lass.no-ip.com\/wordpress\/wp-content\/uploads\/2020\/01\/IMG_2703-1536x1152.jpg 1536w, https:\/\/lass.no-ip.com\/wordpress\/wp-content\/uploads\/2020\/01\/IMG_2703-2048x1536.jpg 2048w, https:\/\/lass.no-ip.com\/wordpress\/wp-content\/uploads\/2020\/01\/IMG_2703-400x300.jpg 400w\" sizes=\"auto, (max-width: 1024px) 100vw, 1024px\" \/><\/figure><\/li><li class=\"blocks-gallery-item\"><figure><img loading=\"lazy\" decoding=\"async\" width=\"1024\" height=\"768\" src=\"https:\/\/lass.no-ip.com\/wordpress\/wp-content\/uploads\/2020\/01\/IMG_2724-1024x768.jpg\" alt=\"\" data-id=\"2262\" data-link=\"https:\/\/lass.no-ip.com\/wordpress\/index.php\/lm-2020\/img_2724\/\" class=\"wp-image-2262\" srcset=\"https:\/\/lass.no-ip.com\/wordpress\/wp-content\/uploads\/2020\/01\/IMG_2724-1024x768.jpg 1024w, https:\/\/lass.no-ip.com\/wordpress\/wp-content\/uploads\/2020\/01\/IMG_2724-300x225.jpg 300w, https:\/\/lass.no-ip.com\/wordpress\/wp-content\/uploads\/2020\/01\/IMG_2724-768x576.jpg 768w, https:\/\/lass.no-ip.com\/wordpress\/wp-content\/uploads\/2020\/01\/IMG_2724-1536x1152.jpg 1536w, https:\/\/lass.no-ip.com\/wordpress\/wp-content\/uploads\/2020\/01\/IMG_2724-2048x1536.jpg 2048w, https:\/\/lass.no-ip.com\/wordpress\/wp-content\/uploads\/2020\/01\/IMG_2724-400x300.jpg 400w\" sizes=\"auto, (max-width: 1024px) 100vw, 1024px\" \/><\/figure><\/li><li class=\"blocks-gallery-item\"><figure><img loading=\"lazy\" decoding=\"async\" width=\"1024\" height=\"768\" src=\"https:\/\/lass.no-ip.com\/wordpress\/wp-content\/uploads\/2020\/01\/IMG_2730-1024x768.jpg\" alt=\"\" data-id=\"2263\" data-link=\"https:\/\/lass.no-ip.com\/wordpress\/index.php\/lm-2020\/img_2730\/\" class=\"wp-image-2263\" srcset=\"https:\/\/lass.no-ip.com\/wordpress\/wp-content\/uploads\/2020\/01\/IMG_2730-1024x768.jpg 1024w, https:\/\/lass.no-ip.com\/wordpress\/wp-content\/uploads\/2020\/01\/IMG_2730-300x225.jpg 300w, https:\/\/lass.no-ip.com\/wordpress\/wp-content\/uploads\/2020\/01\/IMG_2730-768x576.jpg 768w, https:\/\/lass.no-ip.com\/wordpress\/wp-content\/uploads\/2020\/01\/IMG_2730-1536x1152.jpg 1536w, https:\/\/lass.no-ip.com\/wordpress\/wp-content\/uploads\/2020\/01\/IMG_2730-2048x1536.jpg 2048w, https:\/\/lass.no-ip.com\/wordpress\/wp-content\/uploads\/2020\/01\/IMG_2730-400x300.jpg 400w\" sizes=\"auto, (max-width: 1024px) 100vw, 1024px\" \/><\/figure><\/li><li class=\"blocks-gallery-item\"><figure><img loading=\"lazy\" decoding=\"async\" width=\"1024\" height=\"768\" src=\"https:\/\/lass.no-ip.com\/wordpress\/wp-content\/uploads\/2020\/01\/IMG_2736-1024x768.jpg\" alt=\"\" data-id=\"2264\" data-link=\"https:\/\/lass.no-ip.com\/wordpress\/index.php\/lm-2020\/img_2736\/\" class=\"wp-image-2264\" srcset=\"https:\/\/lass.no-ip.com\/wordpress\/wp-content\/uploads\/2020\/01\/IMG_2736-1024x768.jpg 1024w, https:\/\/lass.no-ip.com\/wordpress\/wp-content\/uploads\/2020\/01\/IMG_2736-300x225.jpg 300w, https:\/\/lass.no-ip.com\/wordpress\/wp-content\/uploads\/2020\/01\/IMG_2736-768x576.jpg 768w, https:\/\/lass.no-ip.com\/wordpress\/wp-content\/uploads\/2020\/01\/IMG_2736-1536x1152.jpg 1536w, https:\/\/lass.no-ip.com\/wordpress\/wp-content\/uploads\/2020\/01\/IMG_2736-2048x1536.jpg 2048w, https:\/\/lass.no-ip.com\/wordpress\/wp-content\/uploads\/2020\/01\/IMG_2736-400x300.jpg 400w\" sizes=\"auto, (max-width: 1024px) 100vw, 1024px\" \/><\/figure><\/li><li class=\"blocks-gallery-item\"><figure><img loading=\"lazy\" decoding=\"async\" width=\"1024\" height=\"768\" src=\"https:\/\/lass.no-ip.com\/wordpress\/wp-content\/uploads\/2020\/01\/IMG_2737-1024x768.jpg\" alt=\"\" data-id=\"2265\" data-link=\"https:\/\/lass.no-ip.com\/wordpress\/index.php\/lm-2020\/img_2737\/\" class=\"wp-image-2265\" srcset=\"https:\/\/lass.no-ip.com\/wordpress\/wp-content\/uploads\/2020\/01\/IMG_2737-1024x768.jpg 1024w, https:\/\/lass.no-ip.com\/wordpress\/wp-content\/uploads\/2020\/01\/IMG_2737-300x225.jpg 300w, https:\/\/lass.no-ip.com\/wordpress\/wp-content\/uploads\/2020\/01\/IMG_2737-768x576.jpg 768w, https:\/\/lass.no-ip.com\/wordpress\/wp-content\/uploads\/2020\/01\/IMG_2737-1536x1152.jpg 1536w, https:\/\/lass.no-ip.com\/wordpress\/wp-content\/uploads\/2020\/01\/IMG_2737-2048x1536.jpg 2048w, https:\/\/lass.no-ip.com\/wordpress\/wp-content\/uploads\/2020\/01\/IMG_2737-400x300.jpg 400w\" sizes=\"auto, (max-width: 1024px) 100vw, 1024px\" \/><\/figure><\/li><li class=\"blocks-gallery-item\"><figure><img loading=\"lazy\" decoding=\"async\" width=\"1024\" height=\"768\" src=\"https:\/\/lass.no-ip.com\/wordpress\/wp-content\/uploads\/2020\/01\/IMG_2739-1024x768.jpg\" alt=\"\" data-id=\"2266\" data-link=\"https:\/\/lass.no-ip.com\/wordpress\/index.php\/lm-2020\/img_2739\/\" class=\"wp-image-2266\" srcset=\"https:\/\/lass.no-ip.com\/wordpress\/wp-content\/uploads\/2020\/01\/IMG_2739-1024x768.jpg 1024w, https:\/\/lass.no-ip.com\/wordpress\/wp-content\/uploads\/2020\/01\/IMG_2739-300x225.jpg 300w, https:\/\/lass.no-ip.com\/wordpress\/wp-content\/uploads\/2020\/01\/IMG_2739-768x576.jpg 768w, https:\/\/lass.no-ip.com\/wordpress\/wp-content\/uploads\/2020\/01\/IMG_2739-1536x1152.jpg 1536w, https:\/\/lass.no-ip.com\/wordpress\/wp-content\/uploads\/2020\/01\/IMG_2739-2048x1536.jpg 2048w, https:\/\/lass.no-ip.com\/wordpress\/wp-content\/uploads\/2020\/01\/IMG_2739-400x300.jpg 400w\" sizes=\"auto, (max-width: 1024px) 100vw, 1024px\" \/><\/figure><\/li><li class=\"blocks-gallery-item\"><figure><img loading=\"lazy\" decoding=\"async\" width=\"1024\" height=\"768\" src=\"https:\/\/lass.no-ip.com\/wordpress\/wp-content\/uploads\/2020\/01\/IMG_2795-1024x768.jpg\" alt=\"\" data-id=\"2292\" data-full-url=\"https:\/\/lass.no-ip.com\/wordpress\/wp-content\/uploads\/2020\/01\/IMG_2795-scaled.jpg\" data-link=\"https:\/\/lass.no-ip.com\/wordpress\/index.php\/lm-2020\/img_2795\/\" class=\"wp-image-2292\" srcset=\"https:\/\/lass.no-ip.com\/wordpress\/wp-content\/uploads\/2020\/01\/IMG_2795-1024x768.jpg 1024w, https:\/\/lass.no-ip.com\/wordpress\/wp-content\/uploads\/2020\/01\/IMG_2795-300x225.jpg 300w, https:\/\/lass.no-ip.com\/wordpress\/wp-content\/uploads\/2020\/01\/IMG_2795-768x576.jpg 768w, https:\/\/lass.no-ip.com\/wordpress\/wp-content\/uploads\/2020\/01\/IMG_2795-1536x1152.jpg 1536w, https:\/\/lass.no-ip.com\/wordpress\/wp-content\/uploads\/2020\/01\/IMG_2795-2048x1536.jpg 2048w, https:\/\/lass.no-ip.com\/wordpress\/wp-content\/uploads\/2020\/01\/IMG_2795-400x300.jpg 400w\" sizes=\"auto, (max-width: 1024px) 100vw, 1024px\" \/><\/figure><\/li><li class=\"blocks-gallery-item\"><figure><img loading=\"lazy\" decoding=\"async\" width=\"1024\" height=\"768\" src=\"https:\/\/lass.no-ip.com\/wordpress\/wp-content\/uploads\/2020\/01\/IMG_2800-1024x768.jpg\" alt=\"\" data-id=\"2293\" data-full-url=\"https:\/\/lass.no-ip.com\/wordpress\/wp-content\/uploads\/2020\/01\/IMG_2800-scaled.jpg\" data-link=\"https:\/\/lass.no-ip.com\/wordpress\/index.php\/lm-2020\/img_2800\/\" class=\"wp-image-2293\" srcset=\"https:\/\/lass.no-ip.com\/wordpress\/wp-content\/uploads\/2020\/01\/IMG_2800-1024x768.jpg 1024w, https:\/\/lass.no-ip.com\/wordpress\/wp-content\/uploads\/2020\/01\/IMG_2800-300x225.jpg 300w, https:\/\/lass.no-ip.com\/wordpress\/wp-content\/uploads\/2020\/01\/IMG_2800-768x576.jpg 768w, https:\/\/lass.no-ip.com\/wordpress\/wp-content\/uploads\/2020\/01\/IMG_2800-1536x1152.jpg 1536w, https:\/\/lass.no-ip.com\/wordpress\/wp-content\/uploads\/2020\/01\/IMG_2800-2048x1536.jpg 2048w, https:\/\/lass.no-ip.com\/wordpress\/wp-content\/uploads\/2020\/01\/IMG_2800-400x300.jpg 400w\" sizes=\"auto, (max-width: 1024px) 100vw, 1024px\" \/><\/figure><\/li><li class=\"blocks-gallery-item\"><figure><img loading=\"lazy\" decoding=\"async\" width=\"1024\" height=\"768\" src=\"https:\/\/lass.no-ip.com\/wordpress\/wp-content\/uploads\/2020\/01\/IMG_2804-1024x768.jpg\" alt=\"\" data-id=\"2294\" data-full-url=\"https:\/\/lass.no-ip.com\/wordpress\/wp-content\/uploads\/2020\/01\/IMG_2804-scaled.jpg\" data-link=\"https:\/\/lass.no-ip.com\/wordpress\/index.php\/lm-2020\/img_2804\/\" class=\"wp-image-2294\" srcset=\"https:\/\/lass.no-ip.com\/wordpress\/wp-content\/uploads\/2020\/01\/IMG_2804-1024x768.jpg 1024w, https:\/\/lass.no-ip.com\/wordpress\/wp-content\/uploads\/2020\/01\/IMG_2804-300x225.jpg 300w, https:\/\/lass.no-ip.com\/wordpress\/wp-content\/uploads\/2020\/01\/IMG_2804-768x576.jpg 768w, https:\/\/lass.no-ip.com\/wordpress\/wp-content\/uploads\/2020\/01\/IMG_2804-1536x1152.jpg 1536w, https:\/\/lass.no-ip.com\/wordpress\/wp-content\/uploads\/2020\/01\/IMG_2804-2048x1536.jpg 2048w, https:\/\/lass.no-ip.com\/wordpress\/wp-content\/uploads\/2020\/01\/IMG_2804-400x300.jpg 400w\" sizes=\"auto, (max-width: 1024px) 100vw, 1024px\" \/><\/figure><\/li><li class=\"blocks-gallery-item\"><figure><img loading=\"lazy\" decoding=\"async\" width=\"768\" height=\"1024\" src=\"https:\/\/lass.no-ip.com\/wordpress\/wp-content\/uploads\/2020\/01\/IMG_2811-768x1024.jpg\" alt=\"\" data-id=\"2295\" data-full-url=\"https:\/\/lass.no-ip.com\/wordpress\/wp-content\/uploads\/2020\/01\/IMG_2811-scaled.jpg\" data-link=\"https:\/\/lass.no-ip.com\/wordpress\/index.php\/lm-2020\/img_2811\/\" class=\"wp-image-2295\" srcset=\"https:\/\/lass.no-ip.com\/wordpress\/wp-content\/uploads\/2020\/01\/IMG_2811-768x1024.jpg 768w, https:\/\/lass.no-ip.com\/wordpress\/wp-content\/uploads\/2020\/01\/IMG_2811-225x300.jpg 225w, https:\/\/lass.no-ip.com\/wordpress\/wp-content\/uploads\/2020\/01\/IMG_2811-1152x1536.jpg 1152w, https:\/\/lass.no-ip.com\/wordpress\/wp-content\/uploads\/2020\/01\/IMG_2811-1536x2048.jpg 1536w, https:\/\/lass.no-ip.com\/wordpress\/wp-content\/uploads\/2020\/01\/IMG_2811-scaled.jpg 1920w\" sizes=\"auto, (max-width: 768px) 100vw, 768px\" \/><\/figure><\/li><\/ul><\/figure>\n\n\n\n<p><a href=\"https:\/\/lass.no-ip.com\">Tillbaks till LASS hemsida.<\/a><\/p>\n\n\n<p><!--EndFragment--><\/p>","protected":false},"excerpt":{"rendered":"<p>V\u00e4lkommen till LM 2020! Link\u00f6pingsm\u00e4sterskapet 2020 spelas p\u00e5 tisdagskv\u00e4llar den 14\/1 &#8211; 7\/4 i LASS klubblokal. OBS! Rond 8 och 9 har st\u00e4llts in pga coronaviruset. Mer information finns h\u00e4r. Fler detaljer finns i inbjudan. Lives\u00e4ndning fr\u00e5n \u00e5tta bord (inte n\u00f6dv\u00e4ndigtvis de h\u00f6gsta). S\u00e5 h\u00e4r hanterar vi lives\u00e4ndning vid h\u00e4ngronder. Lottning och resultat. Nyheter 14\/1: Nu \u00e4r rond 1 i full g\u00e5ng! Totalt blev det 38 startande. 15\/1: Det blir fyra ratinggrupper. Se l\u00e4nkarna l\u00e4ngst ner p\u00e5 resultatsidan. 22\/1: Rond 3 lottas efter h\u00e4ngronden den 28\/1. 15\/3: Rond 8 och 9 \u00e4r inst\u00e4llda p\u00e5 grund av corona-epidemin. Mer information finns h\u00e4r. 7\/4: De sista h\u00e4ngpartierna \u00e4r nu spelade och Gabriel st\u00e5r som slutsegrare. Se reportage h\u00e4r. Bilder Tillbaks till LASS hemsida.<\/p>\n","protected":false},"author":5,"featured_media":0,"parent":0,"menu_order":0,"comment_status":"closed","ping_status":"closed","template":"","meta":{"wp_social_preview_title":"","wp_social_preview_description":"","wp_social_preview_image":0,"footnotes":""},"class_list":["post-2161","page","type-page","status-publish","hentry"],"_links":{"self":[{"href":"https:\/\/lass.no-ip.com\/wordpress\/index.php\/wp-json\/wp\/v2\/pages\/2161","targetHints":{"allow":["GET"]}}],"collection":[{"href":"https:\/\/lass.no-ip.com\/wordpress\/index.php\/wp-json\/wp\/v2\/pages"}],"about":[{"href":"https:\/\/lass.no-ip.com\/wordpress\/index.php\/wp-json\/wp\/v2\/types\/page"}],"author":[{"embeddable":true,"href":"https:\/\/lass.no-ip.com\/wordpress\/index.php\/wp-json\/wp\/v2\/users\/5"}],"replies":[{"embeddable":true,"href":"https:\/\/lass.no-ip.com\/wordpress\/index.php\/wp-json\/wp\/v2\/comments?post=2161"}],"version-history":[{"count":17,"href":"https:\/\/lass.no-ip.com\/wordpress\/index.php\/wp-json\/wp\/v2\/pages\/2161\/revisions"}],"predecessor-version":[{"id":2409,"href":"https:\/\/lass.no-ip.com\/wordpress\/index.php\/wp-json\/wp\/v2\/pages\/2161\/revisions\/2409"}],"wp:attachment":[{"href":"https:\/\/lass.no-ip.com\/wordpress\/index.php\/wp-json\/wp\/v2\/media?parent=2161"}],"curies":[{"name":"wp","href":"https:\/\/api.w.org\/{rel}","templated":true}]}}