{"id":202,"date":"2017-12-30T12:31:26","date_gmt":"2017-12-30T11:31:26","guid":{"rendered":"http:\/\/lass.no-ip.com\/wordpress\/?page_id=202"},"modified":"2019-09-25T11:17:27","modified_gmt":"2019-09-25T10:17:27","slug":"resultat-2012","status":"publish","type":"page","link":"https:\/\/lass.no-ip.com\/wordpress\/index.php\/resultat-2012\/","title":{"rendered":"Resultat 2012"},"content":{"rendered":"\n<h2 class=\"wp-block-heading\">Resultat 2012<\/h2>\n\n\n\n<h3 class=\"wp-block-heading\"> BlixtTurneringar<\/h3>\n\n\n\n<p><a href=\"https:\/\/lass.no-ip.com\/resultat\/2012\/tremanna.jpg\">Tremannablixten<\/a><\/p>\n\n\n\n<p><a href=\"https:\/\/lass.no-ip.com\/resultat\/2012\/blixtlm.htm\">blixt LM<\/a><\/p>\n\n\n\n<h4 class=\"wp-block-heading\"> Snabbschacksturneringar<\/h4>\n\n\n\n<p><a href=\"https:\/\/lass.no-ip.com\/resultat\/2012\/pingst_korstabell.htm\">Pingstschacket<\/a><\/p>\n\n\n\n<p><a href=\"https:\/\/lass.no-ip.com\/resultat\/2012\/KM\/snabbschacks_km.html\">snabbschack KM<\/a><\/p>\n\n\n\n<p><a href=\"https:\/\/lass.no-ip.com\/resultat\/2012\/Uppv%C3%A4rmningsturnering\/uppv.htm\">uppv\u00e4rmningsturnering<\/a><\/p>\n\n\n\n<h4 class=\"wp-block-heading\"> L\u00e5ngpartiturneringar<\/h4>\n\n\n<p><a href=\"http:\/\/chess-results.com\/tnr63968.aspx?art=1&amp;rd=8&amp;lan=6&amp;turdet=YES&amp;flag=30&amp;zeilen=99999\">P\u00e5skturneringen<\/a><\/p>\n<p><a href=\"https:\/\/lass.no-ip.com\/resultat\/2012\/LM\/rounds.htm\">Link\u00f6pingsm\u00e4sterskapen<\/a><\/p>\n<p>Klubbm\u00e4sterskapen<a href=\"https:\/\/lass.no-ip.com\/resultat\/2012\/KM\/akm.htm\"> A-KM<\/a> <a href=\"https:\/\/lass.no-ip.com\/resultat\/2012\/KM\/bkm.htm\">B-KM<\/a> <a href=\"https:\/\/lass.no-ip.com\/resultat\/2012\/KM\/ckm.htm\">C-KM<\/a><\/p>\n<p>V\u00e5rturneringarna <a href=\"https:\/\/lass.no-ip.com\/resultat\/2012\/Varturneringar\/korstabell.htm\">\u00d6ppen<\/a> <a href=\"https:\/\/lass.no-ip.com\/resultat\/2012\/Varturneringar\/korstabell_sanktionerad.htm\">Sanktionerad<\/a><\/p>\n<p><a href=\"https:\/\/lass.no-ip.com\/resultat\/2012\/lasscupen.htm\">LASS-cupen<\/a><\/p>\n<p><a href=\"http:\/\/chess-results.com\/tnr88376.aspx?art=1&amp;rd=7&amp;lan=1\">Karlstad Open<\/a><\/p>\n<p><a href=\"https:\/\/lass.no-ip.com\/resultat\/2012\/malmoopen.html\">Malm\u00f6 Open<\/a><\/p>\n<p><a href=\"https:\/\/lass.no-ip.com\/resultat\/2012\/msfopen.html\">MSF Open<\/a><\/p>\n<p><a href=\"https:\/\/lass.no-ip.com\/resultat\/2012\/talangjakten.htm\">talangjakten i Eskilstuna<\/a><\/p>\n\n\n<h4 class=\"wp-block-heading\"> Lagschack <\/h4>\n\n\n\n<p>\n\nAllsvenskan <a href=\"http:\/\/member.schack.se\/ShowTournamentServlet?id=3232\">LASS I<\/a><a href=\"http:\/\/member.schack.se\/ShowTournamentServlet?id=3227\">LASS II &amp; III<\/a><a href=\"http:\/\/member.schack.se\/ShowTournamentServlet?id=3255\">LASS IV, LASS V<\/a><\/p>\n\n\n\n<h4 class=\"wp-block-heading\"> Knatte- och ungdomst\u00e4vlingar<\/h4>\n\n\n\n<p><a href=\"https:\/\/lass.no-ip.com\/resultat\/2012\/skolsm.html\">skol-SM<\/a><\/p>\n\n\n\n<p><a href=\"https:\/\/lass.no-ip.com\/resultat\/2012\/skollagdm12.htm\">skollag-DM<\/a><\/p>\n\n\n\n<h4 class=\"wp-block-heading\"> Schackfyran <\/h4>\n\n\n\n<p><a href=\"https:\/\/lass.no-ip.com\/resultat\/2012\/schack4mastaren\/korstabell.htm\">Schackfyranm\u00e4staren<\/a><\/p>\n\n\n\n<h4 class=\"wp-block-heading\"> \u00d6vriga evenemang<\/h4>\n\n\n\n<p><a href=\"http:\/\/www.vaxjoschackklubb.se\/2012\/VSP2012Sen.asp\">V\u00e4xj\u00f6spelen.<\/a><\/p>\n","protected":false},"excerpt":{"rendered":"<p>Resultat 2012 BlixtTurneringar Tremannablixten blixt LM Snabbschacksturneringar Pingstschacket snabbschack KM uppv\u00e4rmningsturnering L\u00e5ngpartiturneringar P\u00e5skturneringen Link\u00f6pingsm\u00e4sterskapen Klubbm\u00e4sterskapen A-KM B-KM C-KM V\u00e5rturneringarna \u00d6ppen Sanktionerad LASS-cupen Karlstad Open Malm\u00f6 Open MSF Open talangjakten i Eskilstuna Lagschack Allsvenskan LASS ILASS II &amp; IIILASS IV, LASS V Knatte- och ungdomst\u00e4vlingar skol-SM skollag-DM Schackfyran Schackfyranm\u00e4staren \u00d6vriga evenemang V\u00e4xj\u00f6spelen.<\/p>\n","protected":false},"author":1,"featured_media":0,"parent":0,"menu_order":0,"comment_status":"closed","ping_status":"closed","template":"","meta":{"wp_social_preview_title":"","wp_social_preview_description":"","wp_social_preview_image":0,"footnotes":""},"class_list":["post-202","page","type-page","status-publish","hentry"],"_links":{"self":[{"href":"https:\/\/lass.no-ip.com\/wordpress\/index.php\/wp-json\/wp\/v2\/pages\/202","targetHints":{"allow":["GET"]}}],"collection":[{"href":"https:\/\/lass.no-ip.com\/wordpress\/index.php\/wp-json\/wp\/v2\/pages"}],"about":[{"href":"https:\/\/lass.no-ip.com\/wordpress\/index.php\/wp-json\/wp\/v2\/types\/page"}],"author":[{"embeddable":true,"href":"https:\/\/lass.no-ip.com\/wordpress\/index.php\/wp-json\/wp\/v2\/users\/1"}],"replies":[{"embeddable":true,"href":"https:\/\/lass.no-ip.com\/wordpress\/index.php\/wp-json\/wp\/v2\/comments?post=202"}],"version-history":[{"count":6,"href":"https:\/\/lass.no-ip.com\/wordpress\/index.php\/wp-json\/wp\/v2\/pages\/202\/revisions"}],"predecessor-version":[{"id":2031,"href":"https:\/\/lass.no-ip.com\/wordpress\/index.php\/wp-json\/wp\/v2\/pages\/202\/revisions\/2031"}],"wp:attachment":[{"href":"https:\/\/lass.no-ip.com\/wordpress\/index.php\/wp-json\/wp\/v2\/media?parent=202"}],"curies":[{"name":"wp","href":"https:\/\/api.w.org\/{rel}","templated":true}]}}