{"id":168,"date":"2017-12-30T00:07:50","date_gmt":"2017-12-29T23:07:50","guid":{"rendered":"http:\/\/lass.no-ip.com\/wordpress\/?page_id=168"},"modified":"2026-03-12T23:34:19","modified_gmt":"2026-03-12T22:34:19","slug":"bli-medlem","status":"publish","type":"page","link":"https:\/\/lass.no-ip.com\/wordpress\/index.php\/bli-medlem\/","title":{"rendered":"Bli medlem!"},"content":{"rendered":"\n<h4 class=\"wp-block-heading\">Intresserad av nyb\u00f6rjar\/juniortr\u00e4ning?<\/h4>\n\n\n\n<p>Fyll i uppgifter <a href=\"https:\/\/docs.google.com\/forms\/d\/e\/1FAIpQLSesET862fWo4w7OMm3MAAsvZXsvrPNrOtSGBg4StS9AQty3_w\/viewform?usp=sf_link\">h\u00e4r<\/a>, s\u00e5 kontaktar vi dig:<\/p>\n\n\n\n<h4 class=\"wp-block-heading\">V\u00e5ra medlemsavgifter f\u00f6r \u00e5r 2026 \u00e4r:<\/h4>\n\n\n\n<ul class=\"wp-block-list\">\n<li>Seniorer (\u00f6ver 20 \u00e5r): 750 kr<\/li>\n\n\n\n<li>Sekund\u00e4rmedlem \u00f6ver 20 \u00e5r: 500 kr. Sekund\u00e4rmedlemmar \u00e4r personer som \u00e4r huvudmedlemmar i en annan svensk schackklubb.<\/li>\n\n\n\n<li>Pension\u00e4rer: 500 kr<\/li>\n\n\n\n<li>Studenter: 500 kr<\/li>\n\n\n\n<li>Juniorer (ungdomar t o m 20 \u00e5r): 300 kr (tr\u00e4ningsavgift ing\u00e5r f\u00f6r dem som g\u00e5r i juniorgrupperna)<\/li>\n\n\n\n<li>Passiva medlemmar: 300 kr. Passiva medlemmar spelar inte&nbsp; i KM och deltar inte i klubbens allsvenska lag.<\/li>\n<\/ul>\n\n\n\n<p>Medlemsavgiften g\u00e4ller f\u00f6r kalender\u00e5r (januari &#8211; december) och betalas in p\u00e5 plusgiro: 49 61 30-6 eller med swish till 123 521 9738 (eller scanna QR-koden nedan i Swish-appen). <\/p>\n\n\n\n<p>Om du \u00e4r ny medlem beh\u00f6ver vi ditt personnummer och hemadress f\u00f6r att kunna registrera dig. Skicka personuppgifterna i ett mail till v\u00e5r kass\u00f6r Magnus Olsson <a data-dracula_alpha_bg=\"rgba(0, 0, 0, 0)\" data-dracula_preserved_classes=\"dracula-style-txt-border dracula-style-link dracula-processed\" href=\"mailto:magnus01@ml1.net\" class=\"dracula-style-link dracula-style-txt-border dracula-processed\">magnus01@ml1.net<\/a> i samband med att du betalar in medlemsavgiften.<\/p>\n\n\n\n<p>F\u00f6r dig med barn mellan 8-16 \u00e5r g\u00e5r det ocks\u00e5 att betala med <a data-dracula_alpha_bg=\"rgba(0, 0, 0, 0)\" data-dracula_preserved_classes=\"dracula-style-txt-border dracula-style-link dracula-processed\" href=\"https:\/\/fritidskortet.se\/foralder\" class=\"dracula-style-link dracula-style-txt-border dracula-processed\">Fritidskortet<\/a>. Instruktioner f\u00f6r betalning av medlemsavgiften med Fritidskortet finns <a href=\"https:\/\/lass.no-ip.com\/wordpress\/index.php\/2025\/11\/27\/betala-med-fritidskortet\/\">h\u00e4r<\/a>. Du m\u00e5ste uppge barnets namn, f\u00f6r annars vet vi inte vem avgiften g\u00e4ller f\u00f6r.<\/p>\n\n\n\n<p>F\u00f6r betalningar fr\u00e5n utl\u00e4ndska konton\/for payments from foreign accounts:<br>IBAN: SE05 9500 0099 6026 0496 1306<br>BIC: NDEASESS<\/p>\n\n\n\n<figure class=\"wp-block-image size-full is-resized\"><img loading=\"lazy\" decoding=\"async\" width=\"625\" height=\"945\" src=\"https:\/\/lass.no-ip.com\/wordpress\/wp-content\/uploads\/2026\/03\/swish-QR-small.png\" alt=\"\" class=\"wp-image-5838\" style=\"aspect-ratio:0.6613816534541337;width:283px;height:auto\" srcset=\"https:\/\/lass.no-ip.com\/wordpress\/wp-content\/uploads\/2026\/03\/swish-QR-small.png 625w, https:\/\/lass.no-ip.com\/wordpress\/wp-content\/uploads\/2026\/03\/swish-QR-small-198x300.png 198w\" sizes=\"auto, (max-width: 625px) 100vw, 625px\" \/><\/figure>\n\n\n\n<p>Information om hur v\u00e5ra medlemmars personuppgifter hanteras finns <a href=\"https:\/\/lass.no-ip.com\/wordpress\/index.php\/lagring-av-personuppgifter\/\">h\u00e4r<\/a>.<\/p>\n\n\n\n<h4 class=\"wp-block-heading\">Ny?<\/h4>\n\n\n\n<p>Du \u00e4r alltid v\u00e4lkommen att komma ner n\u00e4r vi har verksamhet, tr\u00e4ffa oss och spela lite. D\u00e5 kommer du att uppt\u00e4cka hur kul det \u00e4r att spela ansikte mot ansikte. Vi l\u00e4r varandra grunder och f\u00f6rdjupar oss i spelet och livet n\u00e4r vi tr\u00e4ffas ocks\u00e5. Och vi har kul!<\/p>\n\n\n\n<p>&nbsp;<\/p>\n\n\n\n<p><strong>V\u00e5r verksamhet<\/strong><\/p>\n\n\n\n<p class=\"cvGsUA direction-ltr align-justify para-style-body\"><strong><em><span class=\"OYPEnA font-feature-liga-off font-feature-clig-off font-feature-calt-off text-decoration-none text-strikethrough-none\">Juniorverksamhet<\/span><\/em><\/strong><\/p>\n\n\n\n<p class=\"cvGsUA direction-ltr align-justify para-style-body\"><span class=\"OYPEnA font-feature-liga-off font-feature-clig-off font-feature-calt-off text-decoration-none text-strikethrough-none\">Nyb\u00f6rjartr\u00e4ning p\u00e5 Stadsbiblioteket<\/span> i lokalen Skattkammar\u00f6n<\/p>\n\n\n\n<p class=\"cvGsUA direction-ltr align-justify para-style-body\"><span class=\"OYPEnA font-feature-liga-off font-feature-clig-off font-feature-calt-off text-decoration-none text-strikethrough-none\">&#8211;<\/span><span class=\"OYPEnA font-feature-liga-off font-feature-clig-off font-feature-calt-off text-decoration-none text-strikethrough-none\">f\u00f6r dig som inte har spelat f\u00f6rut (\u00e5lder ca 7-12 \u00e5r)<\/span><\/p>\n\n\n\n<p class=\"cvGsUA direction-ltr align-justify para-style-body\"><span class=\"OYPEnA font-feature-liga-off font-feature-clig-off font-feature-calt-off text-decoration-none text-strikethrough-none dracula-style-secondary_bg dracula-style-all dracula-processed\" data-dracula_alpha_bg=\"rgba(0, 0, 0, 0.2)\" data-dracula_preserved_classes=\"OYPEnA font-feature-liga-off font-feature-clig-off font-feature-calt-off text-decoration-none text-strikethrough-none dracula-style-secondary_bg dracula-style-all dracula-processed\">M\u00e5ndagar kl 17.00-18.00<\/span><\/p>\n\n\n\n<p class=\"cvGsUA direction-ltr align-justify para-style-body\"><span class=\"OYPEnA font-feature-liga-off font-feature-clig-off font-feature-calt-off text-decoration-none text-strikethrough-none dracula-style-secondary_bg dracula-style-all dracula-processed\" data-dracula_alpha_bg=\"rgba(0, 0, 0, 0.2)\" data-dracula_preserved_classes=\"OYPEnA font-feature-liga-off font-feature-clig-off font-feature-calt-off text-decoration-none text-strikethrough-none dracula-style-secondary_bg dracula-style-all dracula-processed\">Kontakt: <\/span>Emma Larsson <a href=\"mailto:emma.cn.larsson@gmail.com\">emma.cn.larsson@gmail.com<\/a> <\/p>\n\n\n\n<p class=\"cvGsUA direction-ltr align-justify para-style-body\">&nbsp;<\/p>\n\n\n\n<p class=\"cvGsUA direction-ltr align-justify para-style-body\"><span class=\"OYPEnA font-feature-liga-off font-feature-clig-off font-feature-calt-off text-decoration-none text-strikethrough-none\">Forts\u00e4ttningsgrupper p\u00e5 schackklubben<\/span><\/p>\n\n\n\n<p class=\"cvGsUA direction-ltr align-justify para-style-body\"><span class=\"OYPEnA font-feature-liga-off font-feature-clig-off font-feature-calt-off text-decoration-none text-strikethrough-none\">&#8211;<\/span><span class=\"OYPEnA font-feature-liga-off font-feature-clig-off font-feature-calt-off text-decoration-none text-strikethrough-none\">f\u00f6r dig som redan kan grunderna i schack<\/span><\/p>\n\n\n\n<p class=\"cvGsUA direction-ltr align-justify para-style-body\"><span class=\"OYPEnA font-feature-liga-off font-feature-clig-off font-feature-calt-off text-decoration-none text-strikethrough-none\">M\u00e5ndagar kl 17.00-18.00 eller 18.00-19.00 beroende p\u00e5 niv\u00e5<\/span><\/p>\n\n\n\n<p class=\"cvGsUA direction-ltr align-justify para-style-body\"><span class=\"OYPEnA font-feature-liga-off font-feature-clig-off font-feature-calt-off text-decoration-none text-strikethrough-none\">Kontakt: M\u00e5rten Garner <a href=\"mailto:marten.garner@gmail.com\">marten.garner@gmail.com<\/a> 0707-741254<\/span><\/p>\n\n\n\n<p class=\"cvGsUA direction-ltr align-justify para-style-body\">&nbsp;<\/p>\n\n\n\n<p class=\"cvGsUA direction-ltr align-justify para-style-body\"><strong><em><span class=\"OYPEnA font-feature-liga-off font-feature-clig-off font-feature-calt-off text-decoration-none text-strikethrough-none\">F\u00f6r vuxna<\/span><\/em><\/strong><\/p>\n\n\n\n<p class=\"cvGsUA direction-ltr align-justify para-style-body\"><span class=\"OYPEnA font-feature-liga-off font-feature-clig-off font-feature-calt-off text-decoration-none text-strikethrough-none\">T\u00e4vlingskv\u00e4llar tisdagar och torsdagar kl 18.00<\/span><\/p>\n\n\n\n<p class=\"cvGsUA direction-ltr align-justify para-style-body\"><em><span class=\"OYPEnA font-feature-liga-off font-feature-clig-off font-feature-calt-off text-decoration-none text-strikethrough-none\">Under h\u00f6sten spelar vi Link\u00f6pingsm\u00e4sterskap och under v\u00e5ren Klubbm\u00e4sterskap &#8211;<\/span><\/em><\/p>\n\n\n\n<p class=\"cvGsUA direction-ltr align-justify para-style-body\"><em><span class=\"OYPEnA font-feature-liga-off font-feature-clig-off font-feature-calt-off text-decoration-none text-strikethrough-none\">bes\u00f6kare och \u00e5sk\u00e5dare \u00e4r v\u00e4lkomna<\/span><\/em><\/p>\n\n\n\n<p class=\"cvGsUA direction-ltr align-justify para-style-body\">&nbsp;<\/p>\n\n\n\n<p class=\"cvGsUA direction-ltr align-justify para-style-body\"><span class=\"OYPEnA font-feature-liga-off font-feature-clig-off font-feature-calt-off text-decoration-none text-strikethrough-none\">Allvenskan<\/span><\/p>\n\n\n\n<p class=\"cvGsUA direction-ltr align-justify para-style-body\"><em><span class=\"OYPEnA font-feature-liga-off font-feature-clig-off font-feature-calt-off text-decoration-none text-strikethrough-none\">Lagschack vissa s\u00f6ndagar d\u00e4r vi m\u00f6ter klubbar runtom i landet &#8211; f\u00f6r att delta beh\u00f6ver du vara medlem<\/span><\/em><\/p>\n\n\n\n<p class=\"cvGsUA direction-ltr align-justify para-style-body\">&nbsp;<\/p>\n\n\n\n<p class=\"cvGsUA direction-ltr align-justify para-style-body\"><span class=\"OYPEnA font-feature-liga-off font-feature-clig-off font-feature-calt-off text-decoration-none text-strikethrough-none\">Schack p\u00e5 \u00d6lstugan<\/span><\/p>\n\n\n\n<p class=\"cvGsUA direction-ltr align-justify para-style-body\"><span class=\"OYPEnA font-feature-liga-off font-feature-clig-off font-feature-calt-off text-decoration-none text-strikethrough-none dracula-style-secondary_bg dracula-style-all dracula-processed\" data-dracula_alpha_bg=\"rgba(0, 0, 0, 0.2)\" data-dracula_preserved_classes=\"OYPEnA font-feature-liga-off font-feature-clig-off font-feature-calt-off text-decoration-none text-strikethrough-none dracula-style-secondary_bg dracula-style-all dracula-processed\">Den sista onsdagen i varje m\u00e5nad dukar vi upp schackspel p\u00e5 \u00d6lstugan Tullen (Klostergatan 19B)<\/span><\/p>\n\n\n\n<p class=\"cvGsUA direction-ltr align-justify para-style-body\"><span class=\"OYPEnA font-feature-liga-off font-feature-clig-off font-feature-calt-off text-decoration-none text-strikethrough-none\">och spelar och umg\u00e5s under l\u00e4ttsamma former, f\u00f6r mer info se <a href=\"https:\/\/lass.no-ip.com\/wordpress\/index.php\/2023\/05\/10\/lass-olstugan-sant\/\">h\u00e4r<\/a>.<\/span><\/p>\n\n\n\n<p class=\"cvGsUA direction-ltr align-justify para-style-body\">&nbsp;<\/p>\n\n\n\n<p class=\"cvGsUA direction-ltr align-justify para-style-body\"><em><strong><span class=\"OYPEnA font-feature-liga-off font-feature-clig-off font-feature-calt-off text-decoration-none text-strikethrough-none\">F\u00f6r fr\u00e5gor om \u00f6vrig verksamhet<\/span><\/strong><\/em><\/p>\n\n\n\n<p class=\"cvGsUA direction-ltr align-justify para-style-body\"><span class=\"OYPEnA font-feature-liga-off font-feature-clig-off font-feature-calt-off text-decoration-none text-strikethrough-none\">Kontakt: Ofelia Th\u00f6rnqvist ofelia.thornqvist@schack.se 0722-83119<\/span><\/p>\n\n\n\n<p>&nbsp;<\/p>\n\n\n\n<p>V\u00e4lkommen!<\/p>\n","protected":false},"excerpt":{"rendered":"<p>Intresserad av nyb\u00f6rjar\/juniortr\u00e4ning? Fyll i uppgifter h\u00e4r, s\u00e5 kontaktar vi dig: V\u00e5ra medlemsavgifter f\u00f6r \u00e5r 2026 \u00e4r: Medlemsavgiften g\u00e4ller f\u00f6r kalender\u00e5r (januari &#8211; december) och betalas in p\u00e5 plusgiro: 49 61 30-6 eller med swish till 123 521 9738 (eller scanna QR-koden nedan i Swish-appen). Om du \u00e4r ny medlem beh\u00f6ver vi ditt personnummer och hemadress f\u00f6r att kunna registrera dig. Skicka personuppgifterna i ett mail till v\u00e5r kass\u00f6r Magnus Olsson magnus01@ml1.net i samband med att du betalar in medlemsavgiften. F\u00f6r dig med barn mellan 8-16 \u00e5r g\u00e5r det ocks\u00e5 att betala med Fritidskortet. Instruktioner f\u00f6r betalning av medlemsavgiften med Fritidskortet finns h\u00e4r. Du m\u00e5ste uppge barnets namn, f\u00f6r annars vet vi inte vem avgiften g\u00e4ller f\u00f6r. F\u00f6r betalningar fr\u00e5n utl\u00e4ndska konton\/for payments from foreign accounts:IBAN: SE05 9500 0099 6026 0496 1306BIC: NDEASESS Information om hur v\u00e5ra medlemmars personuppgifter hanteras finns h\u00e4r. Ny? Du \u00e4r alltid v\u00e4lkommen att komma ner n\u00e4r vi har verksamhet, tr\u00e4ffa oss och spela lite. D\u00e5 kommer du att uppt\u00e4cka hur kul det \u00e4r att spela ansikte mot ansikte. Vi l\u00e4r varandra grunder och f\u00f6rdjupar oss i spelet och livet n\u00e4r vi tr\u00e4ffas ocks\u00e5. Och vi har kul! &nbsp; V\u00e5r verksamhet Juniorverksamhet Nyb\u00f6rjartr\u00e4ning p\u00e5 Stadsbiblioteket i lokalen Skattkammar\u00f6n &#8211;f\u00f6r dig som inte har spelat f\u00f6rut (\u00e5lder ca 7-12 \u00e5r) M\u00e5ndagar kl 17.00-18.00 Kontakt: Emma Larsson emma.cn.larsson@gmail.com &nbsp; Forts\u00e4ttningsgrupper p\u00e5 schackklubben &#8211;f\u00f6r dig som redan kan grunderna i schack M\u00e5ndagar kl 17.00-18.00 eller 18.00-19.00 beroende p\u00e5 niv\u00e5 Kontakt: M\u00e5rten Garner marten.garner@gmail.com 0707-741254 &nbsp; F\u00f6r vuxna T\u00e4vlingskv\u00e4llar tisdagar och torsdagar kl 18.00 Under h\u00f6sten spelar vi Link\u00f6pingsm\u00e4sterskap och under v\u00e5ren Klubbm\u00e4sterskap &#8211; bes\u00f6kare och \u00e5sk\u00e5dare \u00e4r v\u00e4lkomna &nbsp; Allvenskan Lagschack vissa s\u00f6ndagar d\u00e4r vi m\u00f6ter klubbar runtom i landet &#8211; f\u00f6r att delta beh\u00f6ver du vara medlem &nbsp; Schack p\u00e5 \u00d6lstugan Den sista onsdagen i varje m\u00e5nad dukar vi upp schackspel p\u00e5 \u00d6lstugan Tullen (Klostergatan 19B) och spelar och umg\u00e5s under l\u00e4ttsamma former, f\u00f6r mer info se h\u00e4r. &nbsp; F\u00f6r fr\u00e5gor om \u00f6vrig verksamhet Kontakt: Ofelia Th\u00f6rnqvist ofelia.thornqvist@schack.se 0722-83119 &nbsp; V\u00e4lkommen!<\/p>\n","protected":false},"author":1,"featured_media":0,"parent":0,"menu_order":0,"comment_status":"closed","ping_status":"closed","template":"","meta":{"wp_social_preview_title":"","wp_social_preview_description":"","wp_social_preview_image":0,"footnotes":""},"class_list":["post-168","page","type-page","status-publish","hentry"],"_links":{"self":[{"href":"https:\/\/lass.no-ip.com\/wordpress\/index.php\/wp-json\/wp\/v2\/pages\/168","targetHints":{"allow":["GET"]}}],"collection":[{"href":"https:\/\/lass.no-ip.com\/wordpress\/index.php\/wp-json\/wp\/v2\/pages"}],"about":[{"href":"https:\/\/lass.no-ip.com\/wordpress\/index.php\/wp-json\/wp\/v2\/types\/page"}],"author":[{"embeddable":true,"href":"https:\/\/lass.no-ip.com\/wordpress\/index.php\/wp-json\/wp\/v2\/users\/1"}],"replies":[{"embeddable":true,"href":"https:\/\/lass.no-ip.com\/wordpress\/index.php\/wp-json\/wp\/v2\/comments?post=168"}],"version-history":[{"count":36,"href":"https:\/\/lass.no-ip.com\/wordpress\/index.php\/wp-json\/wp\/v2\/pages\/168\/revisions"}],"predecessor-version":[{"id":5840,"href":"https:\/\/lass.no-ip.com\/wordpress\/index.php\/wp-json\/wp\/v2\/pages\/168\/revisions\/5840"}],"wp:attachment":[{"href":"https:\/\/lass.no-ip.com\/wordpress\/index.php\/wp-json\/wp\/v2\/media?parent=168"}],"curies":[{"name":"wp","href":"https:\/\/api.w.org\/{rel}","templated":true}]}}