{"id":1376,"date":"2019-01-21T08:20:50","date_gmt":"2019-01-21T07:20:50","guid":{"rendered":"http:\/\/lass.no-ip.com\/wordpress\/?page_id=1376"},"modified":"2019-01-21T15:41:38","modified_gmt":"2019-01-21T14:41:38","slug":"resultat-2001","status":"publish","type":"page","link":"https:\/\/lass.no-ip.com\/wordpress\/index.php\/resultat-2001\/","title":{"rendered":"Resultat 2001"},"content":{"rendered":"\n<table class=\"wp-block-table\"><tbody><tr><td>BlixtTurneringar<\/td><\/tr><\/tbody><\/table>\n\n\n\n<p><a href=\"https:\/\/lass.no-ip.com\/resultat\/2001\/blixtDM.html\">Blixt DM<\/a><br><\/p>\n\n\n\n<p><a href=\"https:\/\/lass.no-ip.com\/resultat\/2001\/blixtdm.htm\">Blixt DM (h\u00f6st)<\/a><br><\/p>\n\n\n\n<p><a href=\"https:\/\/lass.no-ip.com\/resultat\/2001\/blixtkm.htm\">Blixt KM 2001<\/a><br><\/p>\n\n\n\n<p><a href=\"https:\/\/lass.no-ip.com\/resultat\/2001\/blixtlm.html\">Blixt LM<\/a><br><\/p>\n\n\n\n<p><a href=\"https:\/\/lass.no-ip.com\/resultat\/2001\/minischackkm.htm\">Minischack KM<\/a><br><\/p>\n\n\n\n<p><a href=\"https:\/\/lass.no-ip.com\/resultat\/2001\/januariblixt.htm\">Januari blixt<\/a><br><\/p>\n\n\n\n<p><a href=\"https:\/\/lass.no-ip.com\/resultat\/2001\/mars.html\">Marsblixt<\/a><br><\/p>\n\n\n\n<p><a href=\"https:\/\/lass.no-ip.com\/resultat\/2001\/april.html\">Aprilblixten<\/a><br><\/p>\n\n\n\n<p><a href=\"https:\/\/lass.no-ip.com\/resultat\/2001\/septemberblixt.htm\">Septemberblixt<\/a><br><\/p>\n\n\n\n<p><a href=\"https:\/\/lass.no-ip.com\/resultat\/2001\/oktoberblixt.htm\">Oktoberblixt<\/a><br><\/p>\n\n\n\n<p><a href=\"https:\/\/lass.no-ip.com\/resultat\/2001\/novemberblixt.htm\">Novemberblixt<\/a><br><\/p>\n\n\n\n<p><a href=\"https:\/\/lass.no-ip.com\/resultat\/2001\/decemberblixt.htm\">Decemberblixt<\/a><br><\/p>\n\n\n\n<p><a href=\"https:\/\/lass.no-ip.com\/resultat\/2001\/pingstschacket\/index.htm\">Pingstschacket<\/a><br><\/p>\n\n\n\n<p><a href=\"https:\/\/lass.no-ip.com\/resultat\/2001\/raketschack.htm\">Raketschack<\/a><br><\/p>\n\n\n\n<p><a href=\"https:\/\/lass.no-ip.com\/resultat\/2001\/skanningeblixten.html\">Sk\u00e4nningeblixten<\/a><br><\/p>\n\n\n\n<p><a href=\"https:\/\/lass.no-ip.com\/resultat\/2001\/suicidekm.htm\">Suicide KM<\/a><\/p>\n\n\n\n<p><\/p>\n\n\n\n<table class=\"wp-block-table\"><tbody><tr><td>Snabbschacksturneringar<\/td><\/tr><\/tbody><\/table>\n\n\n\n<p><a href=\"https:\/\/lass.no-ip.com\/resultat\/2001\/snabbKM.html\">SnabbschackKM<\/a><br><\/p>\n\n\n\n<p><a href=\"https:\/\/lass.no-ip.com\/resultat\/2001\/snabbschacklm.htm\">Snabbschacks LM<\/a><br><\/p>\n\n\n\n<p><a href=\"https:\/\/lass.no-ip.com\/resultat\/2001\/tusenmanna.html\">Tusenmanna<\/a><br><\/p>\n\n\n\n<p><a href=\"https:\/\/lass.no-ip.com\/resultat\/2001\/varamoronden.htm\">Varamoronden<\/a><\/p>\n\n\n\n<p><\/p>\n\n\n\n<table class=\"wp-block-table\"><tbody><tr><td>L\u00e5ngpartiturneringar<\/td><\/tr><\/tbody><\/table>\n\n\n\n<p><a href=\"https:\/\/lass.no-ip.com\/resultat\/2001\/KM.htm\">KM2001<\/a><br><\/p>\n\n\n\n<p><a href=\"https:\/\/lass.no-ip.com\/resultat\/2001\/LM.htm\">LM2001 &#8211; Jubileumsturneringen<\/a><br><\/p>\n\n\n\n<p><a href=\"https:\/\/lass.no-ip.com\/resultat\/2001\/malmoopen.htm\">Malm\u00f6 Open<\/a><br><\/p>\n\n\n\n<p><a href=\"https:\/\/lass.no-ip.com\/resultat\/2001\/pelaroim.htm\">Pelaro IM<\/a><br><\/p>\n\n\n\n<p><a href=\"https:\/\/lass.no-ip.com\/resultat\/2001\/paskturneringen.html\">P\u00e5skturneringen<\/a><br><\/p>\n\n\n\n<p><a href=\"https:\/\/lass.no-ip.com\/resultat\/2001\/rockadenopen.htm\">Rockaden Open<\/a><br><\/p>\n\n\n\n<p><a href=\"http:\/\/move.to\/schacksm\" target=\"_blank\" rel=\"noreferrer noopener\">SM i Link\u00f6ping<\/a><br><\/p>\n\n\n\n<p><a href=\"https:\/\/lass.no-ip.com\/resultat\/2001\/veteranDM.html\">Veteran DM<\/a><br><\/p>\n\n\n\n<p><a href=\"https:\/\/lass.no-ip.com\/resultat\/2001\/vastgota.html\">V\u00e4stg\u00f6ta Open<\/a><\/p>\n\n\n\n<p><\/p>\n\n\n\n<table class=\"wp-block-table\"><tbody><tr><td>Lagschack<\/td><\/tr><\/tbody><\/table>\n\n\n\n<p><a href=\"https:\/\/lass.no-ip.com\/resultat\/2001\/LagResultat.htm\">Allsvenskan<\/a><br><\/p>\n\n\n\n<p><a href=\"https:\/\/lass.no-ip.com\/resultat\/2001\/chockKM.html\">Chock KM<\/a><br><\/p>\n\n\n\n<p><a href=\"https:\/\/lass.no-ip.com\/resultat\/2001\/stadsmatch.htm\">Stadsmatchen<\/a><br><\/p>\n\n\n\n<p><a href=\"https:\/\/lass.no-ip.com\/resultat\/2001\/tremannablixt.html\">Tremannablixten<\/a><\/p>\n\n\n\n<p><\/p>\n\n\n\n<table class=\"wp-block-table\"><tbody><tr><td>Knattet\u00e4vlingar<\/td><\/tr><\/tbody><\/table>\n\n\n\n<p><a href=\"https:\/\/lass.no-ip.com\/resultat\/2001\/flickSM.html\">Flick SM<\/a><br><\/p>\n\n\n\n<p><a href=\"https:\/\/lass.no-ip.com\/resultat\/2001\/frehosttavling.htm\">Fredagsgruppens h\u00f6stt\u00e4vling<\/a><br><\/p>\n\n\n\n<p><a href=\"https:\/\/lass.no-ip.com\/resultat\/2001\/goteborgcup.htm\">G\u00f6teborg Cup<\/a><br><\/p>\n\n\n\n<p><a href=\"https:\/\/lass.no-ip.com\/resultat\/2001\/kadettallsvenskan.htm\">Kadettallsvenskan<\/a><br><\/p>\n\n\n\n<p><a href=\"https:\/\/lass.no-ip.com\/resultat\/2001\/knatteKM.htm\">Knatte- Ungdoms KM<\/a><br><\/p>\n\n\n\n<p><a href=\"https:\/\/lass.no-ip.com\/resultat\/2000\/Knatteungdom.htm\">Knatte o UngdomsCup<\/a><br><\/p>\n\n\n\n<p><a href=\"https:\/\/lass.no-ip.com\/resultat\/2001\/knatteungdomserie.html\">Knatte o Ungdomsserien<\/a><br><\/p>\n\n\n\n<p><a href=\"https:\/\/lass.no-ip.com\/resultat\/2001\/kvalschack4an.htm\">Kval Schack 4:an<\/a><br><\/p>\n\n\n\n<p><a href=\"https:\/\/lass.no-ip.com\/resultat\/2001\/skollagDM.html\">Skollag DM<\/a><br><\/p>\n\n\n\n<p><a href=\"https:\/\/lass.no-ip.com\/resultat\/2001\/skolsm.htm\">Skol SM<\/a><br><\/p>\n\n\n\n<p><a href=\"https:\/\/lass.no-ip.com\/resultat\/2001\/talangjakten.html\">Talangjaktsfinalen<\/a><br><\/p>\n\n\n\n<p><a href=\"https:\/\/lass.no-ip.com\/resultat\/2001\/allebergsryttare.html\">\u00c5llebergs Ryttare<\/a><br><\/p>\n\n\n\n<p><a href=\"https:\/\/lass.no-ip.com\/resultat\/2001\/ostfinalschack4an.html\">\u00d6stg\u00f6ta final Schack 4:an<\/a><\/p>\n\n\n\n<table class=\"wp-block-table\"><tbody><tr><td>\u00d6vrigt<br><\/td><\/tr><\/tbody><\/table>\n\n\n\n<p><a href=\"https:\/\/lass.no-ip.com\/resultat\/2001\/varavslutning2001\/index.htm\">V\u00e5ravslutning<\/a><br><\/p>\n","protected":false},"excerpt":{"rendered":"<p>BlixtTurneringar Blixt DM Blixt DM (h\u00f6st) Blixt KM 2001 Blixt LM Minischack KM Januari blixt Marsblixt Aprilblixten Septemberblixt Oktoberblixt Novemberblixt Decemberblixt Pingstschacket Raketschack Sk\u00e4nningeblixten Suicide KM Snabbschacksturneringar SnabbschackKM Snabbschacks LM Tusenmanna Varamoronden L\u00e5ngpartiturneringar KM2001 LM2001 &#8211; Jubileumsturneringen Malm\u00f6 Open Pelaro IM P\u00e5skturneringen Rockaden Open SM i Link\u00f6ping Veteran DM V\u00e4stg\u00f6ta Open Lagschack Allsvenskan Chock KM Stadsmatchen Tremannablixten Knattet\u00e4vlingar Flick SM Fredagsgruppens h\u00f6stt\u00e4vling G\u00f6teborg Cup Kadettallsvenskan Knatte- Ungdoms KM Knatte o UngdomsCup Knatte o Ungdomsserien Kval Schack 4:an Skollag DM Skol SM Talangjaktsfinalen \u00c5llebergs Ryttare \u00d6stg\u00f6ta final Schack 4:an \u00d6vrigt V\u00e5ravslutning<\/p>\n","protected":false},"author":1,"featured_media":0,"parent":0,"menu_order":0,"comment_status":"closed","ping_status":"closed","template":"","meta":{"wp_social_preview_title":"","wp_social_preview_description":"","wp_social_preview_image":0,"footnotes":""},"class_list":["post-1376","page","type-page","status-publish","hentry"],"_links":{"self":[{"href":"https:\/\/lass.no-ip.com\/wordpress\/index.php\/wp-json\/wp\/v2\/pages\/1376","targetHints":{"allow":["GET"]}}],"collection":[{"href":"https:\/\/lass.no-ip.com\/wordpress\/index.php\/wp-json\/wp\/v2\/pages"}],"about":[{"href":"https:\/\/lass.no-ip.com\/wordpress\/index.php\/wp-json\/wp\/v2\/types\/page"}],"author":[{"embeddable":true,"href":"https:\/\/lass.no-ip.com\/wordpress\/index.php\/wp-json\/wp\/v2\/users\/1"}],"replies":[{"embeddable":true,"href":"https:\/\/lass.no-ip.com\/wordpress\/index.php\/wp-json\/wp\/v2\/comments?post=1376"}],"version-history":[{"count":2,"href":"https:\/\/lass.no-ip.com\/wordpress\/index.php\/wp-json\/wp\/v2\/pages\/1376\/revisions"}],"predecessor-version":[{"id":1435,"href":"https:\/\/lass.no-ip.com\/wordpress\/index.php\/wp-json\/wp\/v2\/pages\/1376\/revisions\/1435"}],"wp:attachment":[{"href":"https:\/\/lass.no-ip.com\/wordpress\/index.php\/wp-json\/wp\/v2\/media?parent=1376"}],"curies":[{"name":"wp","href":"https:\/\/api.w.org\/{rel}","templated":true}]}}