{"id":1358,"date":"2019-01-21T08:19:20","date_gmt":"2019-01-21T07:19:20","guid":{"rendered":"http:\/\/lass.no-ip.com\/wordpress\/?page_id=1358"},"modified":"2019-01-21T11:13:56","modified_gmt":"2019-01-21T10:13:56","slug":"resultat-2007","status":"publish","type":"page","link":"https:\/\/lass.no-ip.com\/wordpress\/index.php\/resultat-2007\/","title":{"rendered":"Resultat 2007"},"content":{"rendered":"\n<table class=\"wp-block-table\"><tbody><tr><td>BlixtTurneringar<\/td><\/tr><\/tbody><\/table>\n\n\n\n<p><a href=\"https:\/\/lass.no-ip.com\/resultat\/2007\/Februariblixt_stallning.htm\">Februariblixt<\/a><br><\/p>\n\n\n\n<p><a href=\"https:\/\/lass.no-ip.com\/resultat\/2007\/Januariblixten%202007_stallning.htm\">Januariblixt<\/a><br><\/p>\n\n\n\n<p><a href=\"https:\/\/lass.no-ip.com\/resultat\/2007\/Marsblixten.htm\">Marsblixt<\/a><br><\/p>\n\n\n\n<p><a href=\"https:\/\/lass.no-ip.com\/resultat\/2007\/Avslutningsschack.pdf\">V\u00e5ravslutningsblixt<\/a><br><\/p>\n\n\n\n<p><a href=\"https:\/\/lass.no-ip.com\/resultat\/2007\/blixt\/september.html\">Septemberblixt<\/a><br><\/p>\n\n\n\n<p><a href=\"https:\/\/lass.no-ip.com\/resultat\/2007\/blixt\/oktober.html\">Oktoberblixt<\/a><br><\/p>\n\n\n\n<p><a href=\"https:\/\/lass.no-ip.com\/resultat\/2007\/blixt\/november.html\">Novemberblixt<\/a><br><\/p>\n\n\n\n<p><a href=\"https:\/\/lass.no-ip.com\/resultat\/2007\/blixt\/december.html\">Decemberblixt<\/a><br><\/p>\n\n\n\n<p><a href=\"https:\/\/lass.no-ip.com\/resultat\/2007\/blixt\/km.html\">Blixt-KM<\/a><\/p>\n\n\n\n<p><\/p>\n\n\n\n<table class=\"wp-block-table\"><tbody><tr><td>Snabbschacksturneringar<\/td><\/tr><\/tbody><\/table>\n\n\n\n<p><a href=\"https:\/\/lass.no-ip.com\/resultat\/2007\/pingstschacket\/anmalda_pingstschacket.htm\">Pingstschacket<\/a><br><\/p>\n\n\n\n<p><a href=\"https:\/\/lass.no-ip.com\/resultat\/2007\/Snabbschacks-KM_2007.htm\">Snabbschacks-KM<\/a><br><\/p>\n\n\n\n<p><a href=\"https:\/\/lass.no-ip.com\/resultat\/2007\/lm\/snabbschack.html\">Snabbschacks-LM<\/a><br><\/p>\n\n\n\n<p><a href=\"https:\/\/lass.no-ip.com\/resultat\/2007\/ssf\/ssf.html\">SSF h\u00f6st<\/a><br><\/p>\n\n\n\n<p><a href=\"https:\/\/lass.no-ip.com\/resultat\/2007\/lm\/ssf.htm\">SSF<\/a><br><\/p>\n\n\n\n<p><a href=\"https:\/\/lass.no-ip.com\/resultat\/2007\/tusenmanna.htm\">Tusenmanna<\/a><br><\/p>\n\n\n\n<p><a href=\"https:\/\/lass.no-ip.com\/resultat\/2007\/vastgota_open.htm\">V\u00e4stg\u00f6ta Open<\/a><\/p>\n\n\n\n<p><\/p>\n\n\n\n<table class=\"wp-block-table\"><tbody><tr><td>L\u00e5ngpartiturneringar<\/td><\/tr><\/tbody><\/table>\n\n\n\n<p><a href=\"https:\/\/lass.no-ip.com\/resultat\/2007\/gastrikland_open.htm\">G<\/a><a href=\"https:\/\/lass.no-ip.com\/resultat\/2007\/gastrikland_open.htm\">\u00e4strikland Open<\/a><br><\/p>\n\n\n\n<p><a href=\"https:\/\/lass.no-ip.com\/resultat\/2006\/hallstahammar.htm\">Hallstahammar Open<\/a><a href=\"https:\/\/lass.no-ip.com\/resultat\/2006\/km\/dkm.htm\"><\/a><br><\/p>\n\n\n\n<p><a href=\"https:\/\/lass.no-ip.com\/resultat\/2007\/lm\/lm.htm\">LM<\/a><br><\/p>\n\n\n\n<p><a href=\"https:\/\/lass.no-ip.com\/resultat\/2007\/km\/akm.html\">A-KM<\/a><br><\/p>\n\n\n\n<p><a href=\"https:\/\/lass.no-ip.com\/resultat\/2007\/km\/bkm.html\">B-KM<\/a><br><\/p>\n\n\n\n<p><a href=\"https:\/\/lass.no-ip.com\/resultat\/2007\/km\/ckm.html\">C-KM<\/a><br><\/p>\n\n\n\n<p><a href=\"https:\/\/lass.no-ip.com\/resultat\/2006\/malmo_open.htm\">Malm\u00f6 Open<\/a><br><\/p>\n\n\n\n<p><a href=\"https:\/\/lass.no-ip.com\/resultat\/2007\/Ostrava.htm\">Ostrava<\/a><br><\/p>\n\n\n\n<p><a href=\"https:\/\/lass.no-ip.com\/resultat\/2007\/paskturneringen.htm\">P\u00e5skturneringen (DM)<\/a><br><\/p>\n\n\n\n<p><a href=\"https:\/\/lass.no-ip.com\/resultat\/2007\/sanktionerad\/sanktionerad.htm\">Sanktionerade<\/a><br><\/p>\n\n\n\n<p><a href=\"https:\/\/lass.no-ip.com\/resultat\/2007\/sct.htm\">Schackfestivalen i T\u00e4by (SCT)<\/a><br><\/p>\n\n\n\n<p><a href=\"https:\/\/lass.no-ip.com\/resultat\/2007\/sigeman.htm\">Sigeman<\/a><br><a href=\"https:\/\/lass.no-ip.com\/resultat\/2006\/schackos_open_a.htm\"><\/a><\/p>\n\n\n\n<p><a href=\"https:\/\/lass.no-ip.com\/resultat\/2007\/sm.htm\">SM&nbsp;<\/a><\/p>\n\n\n\n<p><\/p>\n\n\n\n<table class=\"wp-block-table\"><tbody><tr><td>Lagschack<\/td><\/tr><\/tbody><\/table>\n\n\n\n<p><a href=\"https:\/\/lass.no-ip.com\/resultat\/2007\/LagResultat.htm\">Allsvenskan (2006-2007)<\/a><br><\/p>\n\n\n\n<p><a href=\"https:\/\/lass.no-ip.com\/resultat\/2007\/chock_km.htm\">Chock-KM<\/a><br><\/p>\n\n\n\n<p><a href=\"https:\/\/lass.no-ip.com\/resultat\/2007\/stadsmatchen\/stadsmatch.htm\">Stadsmatchen<\/a><br><\/p>\n\n\n\n<p><a href=\"https:\/\/lass.no-ip.com\/resultat\/2007\/tremanna_inv_statistik.htm\">Tremannablixten<\/a><\/p>\n\n\n\n<p><\/p>\n\n\n\n<table class=\"wp-block-table\"><tbody><tr><td>Knattet\u00e4vlingar<\/td><\/tr><\/tbody><\/table>\n\n\n\n<p><a href=\"https:\/\/lass.no-ip.com\/resultat\/2007\/flick_sm.htm\">Flick-SM<\/a><br><\/p>\n\n\n\n<p><a href=\"https:\/\/lass.no-ip.com\/resultat\/2007\/goteborg_cup.html\">G\u00f6teborg Cup<\/a><a href=\"https:\/\/lass.no-ip.com\/resultat\/2005\/goteborgcup.html\"><\/a><br><\/p>\n\n\n\n<p><a href=\"https:\/\/lass.no-ip.com\/resultat\/2007\/Junior_DM_2007.html\">Junior-DM<\/a><br><\/p>\n\n\n\n<p><a href=\"https:\/\/lass.no-ip.com\/resultat\/2007\/knatte_lag_dm_2007.htm\">Knatte Lag-DM<\/a><br><\/p>\n\n\n\n<p><a href=\"https:\/\/lass.no-ip.com\/resultat\/2007\/talangjakten.htm\">Talangjaktsfinal<\/a><br><\/p>\n\n\n\n<p><a href=\"https:\/\/lass.no-ip.com\/resultat\/2007\/schackfyran_distrikt\/resultat.html\">Schackfyran &#8211; distriktsfinal<\/a><br><\/p>\n\n\n\n<p><a href=\"https:\/\/lass.no-ip.com\/resultat\/2007\/schackfyran_riks\/rikfinal.ht,.htm\">Schackfyran &#8211; riksfinal<\/a><br><\/p>\n\n\n\n<p><a target=\"_blank\" href=\"https:\/\/lass.no-ip.com\/resultat\/2007\/skolsm\/\" rel=\"noreferrer noopener\">Skol-SM<\/a><br><\/p>\n\n\n\n<p><a href=\"https:\/\/lass.no-ip.com\/resultat\/2007\/skollagsm.htm\">Skollag-SM<\/a><br><\/p>\n\n\n\n<p><a href=\"https:\/\/lass.no-ip.com\/resultat\/2007\/skolnm\/skolnm.htm\">Skol-NM<\/a><br><\/p>\n\n\n\n<p><a href=\"https:\/\/lass.no-ip.com\/resultat\/2007\/Skol-DM2006.htm\">Skol-DM<\/a><\/p>\n","protected":false},"excerpt":{"rendered":"<p>BlixtTurneringar Februariblixt Januariblixt Marsblixt V\u00e5ravslutningsblixt Septemberblixt Oktoberblixt Novemberblixt Decemberblixt Blixt-KM Snabbschacksturneringar Pingstschacket Snabbschacks-KM Snabbschacks-LM SSF h\u00f6st SSF Tusenmanna V\u00e4stg\u00f6ta Open L\u00e5ngpartiturneringar G\u00e4strikland Open Hallstahammar Open LM A-KM B-KM C-KM Malm\u00f6 Open Ostrava P\u00e5skturneringen (DM) Sanktionerade Schackfestivalen i T\u00e4by (SCT) Sigeman SM&nbsp; Lagschack Allsvenskan (2006-2007) Chock-KM Stadsmatchen Tremannablixten Knattet\u00e4vlingar Flick-SM G\u00f6teborg Cup Junior-DM Knatte Lag-DM Talangjaktsfinal Schackfyran &#8211; distriktsfinal Schackfyran &#8211; riksfinal Skol-SM Skollag-SM Skol-NM Skol-DM<\/p>\n","protected":false},"author":1,"featured_media":0,"parent":0,"menu_order":0,"comment_status":"closed","ping_status":"closed","template":"","meta":{"wp_social_preview_title":"","wp_social_preview_description":"","wp_social_preview_image":0,"footnotes":""},"class_list":["post-1358","page","type-page","status-publish","hentry"],"_links":{"self":[{"href":"https:\/\/lass.no-ip.com\/wordpress\/index.php\/wp-json\/wp\/v2\/pages\/1358","targetHints":{"allow":["GET"]}}],"collection":[{"href":"https:\/\/lass.no-ip.com\/wordpress\/index.php\/wp-json\/wp\/v2\/pages"}],"about":[{"href":"https:\/\/lass.no-ip.com\/wordpress\/index.php\/wp-json\/wp\/v2\/types\/page"}],"author":[{"embeddable":true,"href":"https:\/\/lass.no-ip.com\/wordpress\/index.php\/wp-json\/wp\/v2\/users\/1"}],"replies":[{"embeddable":true,"href":"https:\/\/lass.no-ip.com\/wordpress\/index.php\/wp-json\/wp\/v2\/comments?post=1358"}],"version-history":[{"count":3,"href":"https:\/\/lass.no-ip.com\/wordpress\/index.php\/wp-json\/wp\/v2\/pages\/1358\/revisions"}],"predecessor-version":[{"id":1418,"href":"https:\/\/lass.no-ip.com\/wordpress\/index.php\/wp-json\/wp\/v2\/pages\/1358\/revisions\/1418"}],"wp:attachment":[{"href":"https:\/\/lass.no-ip.com\/wordpress\/index.php\/wp-json\/wp\/v2\/media?parent=1358"}],"curies":[{"name":"wp","href":"https:\/\/api.w.org\/{rel}","templated":true}]}}