{"id":1354,"date":"2019-01-21T08:18:52","date_gmt":"2019-01-21T07:18:52","guid":{"rendered":"http:\/\/lass.no-ip.com\/wordpress\/?page_id=1354"},"modified":"2019-01-21T11:10:29","modified_gmt":"2019-01-21T10:10:29","slug":"resultat-2008","status":"publish","type":"page","link":"https:\/\/lass.no-ip.com\/wordpress\/index.php\/resultat-2008\/","title":{"rendered":"Resultat 2008"},"content":{"rendered":"\n<table class=\"wp-block-table\"><tbody><tr><td>BlixtTurneringar<\/td><\/tr><\/tbody><\/table>\n\n\n\n<p><a href=\"https:\/\/lass.no-ip.com\/resultat\/2008\/blixt\/januari.html\">Januariblixt<\/a><br><\/p>\n\n\n\n<p><a href=\"https:\/\/lass.no-ip.com\/resultat\/2008\/blixt\/februari.html\">Februariblixt<\/a><br><\/p>\n\n\n\n<p><a href=\"https:\/\/lass.no-ip.com\/resultat\/2008\/blixt\/mars.html\">Marsblixt<\/a><br><\/p>\n\n\n\n<p><a href=\"https:\/\/lass.no-ip.com\/resultat\/2008\/blixt\/april.html\">Aprilblixt<\/a><br><\/p>\n\n\n\n<p><a href=\"https:\/\/lass.no-ip.com\/resultat\/2008\/blixt\/maj.html\">Majblixt<\/a><br><\/p>\n\n\n\n<p><a href=\"http:\/\/osf.no-ip.com\/resultat\/2008\/blixt_dm.htm\">Blixt-DM<\/a><br><\/p>\n\n\n\n<p><a href=\"https:\/\/lass.no-ip.com\/resultat\/2008\/blixt\/lm.html\">Blixt-LM<\/a><\/p>\n\n\n\n<p><\/p>\n\n\n\n<table class=\"wp-block-table\"><tbody><tr><td>Snabbschacksturneringar<\/td><\/tr><\/tbody><\/table>\n\n\n\n<p><a href=\"https:\/\/lass.no-ip.com\/resultat\/2008\/ssf\/ssf.html\">SSF v\u00e5r<\/a><br><\/p>\n\n\n\n<p><a href=\"https:\/\/lass.no-ip.com\/resultat\/2008\/ovrigt\/Veteran-DM_080127.htm\">Veteran-DM<\/a><br><\/p>\n\n\n\n<p><a href=\"https:\/\/lass.no-ip.com\/resultat\/2008\/ovrigt\/snabbschack.html\">Snabbschacks-KM<\/a><br><\/p>\n\n\n\n<p><a href=\"https:\/\/lass.no-ip.com\/resultat\/2008\/ovrigt\/pingstschacket.html\">Pingstschacket<\/a><br><\/p>\n\n\n\n<p><a href=\"https:\/\/lass.no-ip.com\/stangaslaget\/results2.html\">St\u00e5ng\u00e5slaget<\/a><\/p>\n\n\n\n<p><\/p>\n\n\n\n<table class=\"wp-block-table\"><tbody><tr><td>L\u00e5ngpartiturneringar<\/td><\/tr><\/tbody><\/table>\n\n\n\n<p><a href=\"https:\/\/lass.no-ip.com\/resultat\/2008\/lm\/lm.html\">LM<\/a><br><\/p>\n\n\n\n<p><a href=\"https:\/\/lass.no-ip.com\/resultat\/2008\/ovrigt\/paskturneringen_2008.htm\">P\u00e5skturneringen (DM)<\/a><br><\/p>\n\n\n\n<p><a href=\"https:\/\/lass.no-ip.com\/resultat\/2008\/sanktionerad\/sanktionerad.html\">Sanktionerad<\/a><br><\/p>\n\n\n\n<p><a href=\"https:\/\/lass.no-ip.com\/resultat\/2008\/km\/akm.html\">A-KM<\/a><br><\/p>\n\n\n\n<p><a href=\"https:\/\/lass.no-ip.com\/resultat\/2008\/km\/bkm.html\">B-KM<\/a><br><\/p>\n\n\n\n<p><a href=\"https:\/\/lass.no-ip.com\/resultat\/2008\/km\/ckm.html\">C-KM<\/a><br><a href=\"https:\/\/lass.no-ip.com\/resultat\/2008\/sanktionerad\/sanktionerad.html\"><\/a><a href=\"https:\/\/lass.no-ip.com\/resultat\/2008\/ovrigt\/rodeby.htm\"><\/a><\/p>\n\n\n\n<p><a href=\"https:\/\/lass.no-ip.com\/resultat\/2008\/SM2008Resultat.pdf\">SM<\/a><\/p>\n\n\n\n<p><a href=\"https:\/\/lass.no-ip.com\/resultat\/2008\/sanktionerad\/sanktionerad.html\"><\/a><a href=\"https:\/\/lass.no-ip.com\/resultat\/2008\/ovrigt\/rodeby.htm\"><\/a><\/p>\n\n\n\n<table class=\"wp-block-table\"><tbody><tr><td>Lagschack<\/td><\/tr><\/tbody><\/table>\n\n\n\n<p><a href=\"https:\/\/lass.no-ip.com\/resultat\/2008\/allsvenskan\/LagResultat.htm\">Allsvenskan (2008-2009)<\/a><br><\/p>\n\n\n\n<p><a href=\"https:\/\/lass.no-ip.com\/resultat\/2007\/allsvenskan\/LagResultat.htm\">Allsvenskan (2007-2008)<\/a><br><\/p>\n\n\n\n<p><a href=\"https:\/\/lass.no-ip.com\/resultat\/2008\/ovrigt\/tremannablixten.htm\">Tremannablixten<\/a><br><\/p>\n\n\n\n<p><a href=\"https:\/\/lass.no-ip.com\/resultat\/2008\/ovrigt\/stadsmatch_2008.htm\">Stadsmatchen<\/a><\/p>\n\n\n\n<p><\/p>\n\n\n\n<table class=\"wp-block-table\"><tbody><tr><td>Knattet\u00e4vlingar<\/td><\/tr><\/tbody><\/table>\n\n\n\n<p><a href=\"https:\/\/lass.no-ip.com\/resultat\/2008\/Skol-DM2007.html\">Skol-DM<\/a><br><\/p>\n\n\n\n<p><a href=\"https:\/\/lass.no-ip.com\/resultat\/2008\/schackfyran\/resultat.html\">Schackfyran<\/a><br><\/p>\n\n\n\n<p><a href=\"https:\/\/lass.no-ip.com\/resultat\/2008\/flicksm_2008.html\">Flick-SM<\/a><\/p>\n\n\n\n<p><\/p>\n\n\n\n<table class=\"wp-block-table\"><tbody><tr><td>\u00d6vriga evenemang<br><\/td><\/tr><\/tbody><\/table>\n\n\n\n<p><a href=\"https:\/\/lass.no-ip.com\/resultat\/2008\/ovrigt\/smedjeborg.htm\">Smedjeborgs minne<\/a><br><\/p>\n\n\n\n<p><a href=\"https:\/\/lass.no-ip.com\/resultat\/2008\/ovrigt\/vaxjospelen.html\">V\u00e4xj\u00f6spelen<\/a><br><\/p>\n\n\n\n<p><a href=\"https:\/\/lass.no-ip.com\/resultat\/2008\/ovrigt\/rodeby.htm\">R\u00f6deby Open<\/a><br><\/p>\n\n\n\n<p><a href=\"https:\/\/lass.no-ip.com\/resultat\/2008\/ovrigt\/hallstahammar.html\">Hallstahammar Open<\/a><\/p>\n\n\n\n<p><\/p>\n","protected":false},"excerpt":{"rendered":"<p>BlixtTurneringar Januariblixt Februariblixt Marsblixt Aprilblixt Majblixt Blixt-DM Blixt-LM Snabbschacksturneringar SSF v\u00e5r Veteran-DM Snabbschacks-KM Pingstschacket St\u00e5ng\u00e5slaget L\u00e5ngpartiturneringar LM P\u00e5skturneringen (DM) Sanktionerad A-KM B-KM C-KM SM Lagschack Allsvenskan (2008-2009) Allsvenskan (2007-2008) Tremannablixten Stadsmatchen Knattet\u00e4vlingar Skol-DM Schackfyran Flick-SM \u00d6vriga evenemang Smedjeborgs minne V\u00e4xj\u00f6spelen R\u00f6deby Open Hallstahammar Open<\/p>\n","protected":false},"author":1,"featured_media":0,"parent":0,"menu_order":0,"comment_status":"closed","ping_status":"closed","template":"","meta":{"wp_social_preview_title":"","wp_social_preview_description":"","wp_social_preview_image":0,"footnotes":""},"class_list":["post-1354","page","type-page","status-publish","hentry"],"_links":{"self":[{"href":"https:\/\/lass.no-ip.com\/wordpress\/index.php\/wp-json\/wp\/v2\/pages\/1354","targetHints":{"allow":["GET"]}}],"collection":[{"href":"https:\/\/lass.no-ip.com\/wordpress\/index.php\/wp-json\/wp\/v2\/pages"}],"about":[{"href":"https:\/\/lass.no-ip.com\/wordpress\/index.php\/wp-json\/wp\/v2\/types\/page"}],"author":[{"embeddable":true,"href":"https:\/\/lass.no-ip.com\/wordpress\/index.php\/wp-json\/wp\/v2\/users\/1"}],"replies":[{"embeddable":true,"href":"https:\/\/lass.no-ip.com\/wordpress\/index.php\/wp-json\/wp\/v2\/comments?post=1354"}],"version-history":[{"count":2,"href":"https:\/\/lass.no-ip.com\/wordpress\/index.php\/wp-json\/wp\/v2\/pages\/1354\/revisions"}],"predecessor-version":[{"id":1413,"href":"https:\/\/lass.no-ip.com\/wordpress\/index.php\/wp-json\/wp\/v2\/pages\/1354\/revisions\/1413"}],"wp:attachment":[{"href":"https:\/\/lass.no-ip.com\/wordpress\/index.php\/wp-json\/wp\/v2\/media?parent=1354"}],"curies":[{"name":"wp","href":"https:\/\/api.w.org\/{rel}","templated":true}]}}